{"id":969,"date":"2013-07-19T21:07:01","date_gmt":"2013-07-19T21:07:01","guid":{"rendered":"https:\/\/blogs.up.edu.pe\/nubes\/\/?page_id=969"},"modified":"2013-07-19T21:07:01","modified_gmt":"2013-07-19T21:07:01","slug":"la-declaracion-de-randolph-carter-de-h-p-lovecraft-por-victor-ricardo-quispe-de-la-cruz","status":"publish","type":"page","link":"https:\/\/blogs.up.edu.pe\/nubes\/trabajos\/trabajos-finales-ciclo-de-otono-de-2013\/la-declaracion-de-randolph-carter-de-h-p-lovecraft-por-victor-ricardo-quispe-de-la-cruz\/","title":{"rendered":"\u201cLa declaraci\u00f3n de Randolph Carter\u201d de H. P. Lovecraft, por V\u00edctor Ricardo Quispe De la Cruz"},"content":{"rendered":"<p>El misterio y el terror son dos ingredientes que no son ajenos al estilo de Lovecraft. En este cuento, el lector, a trav\u00e9s de Carter, participa en las diferentes situaciones que surgen en el relato y, de una manera, la curiosidad del protagonista se mezcla con la del propio lector. A la vez, la relaci\u00f3n laboral que ten\u00eda Carter con Warren era interesante. Al inicio, si bien es cierto que Warren ten\u00eda una suerte de poder o dominio sobre Carter en cuanto a las decisiones que se tomaban, este mostraba una enorme curiosidad por la dedicaci\u00f3n y la teor\u00eda de Warren de que los cad\u00e1veres siempre se conservaban frescos. Sin embargo, el propio Carter admite que todo ese miedo se esfuma y se transforma en temor por lo que le pueda suceder a Warren. De hecho se podr\u00eda pensar que el desenlace de la historia simplemente es porque Warren obtiene lo que estaba buscando.<\/p>\n<p>Es importante resaltar c\u00f3mo Lovecraft describe a Warren: parece ser un hombre culto que ama el trabajo que realiza y que, en cierto modo, llamaba la atenci\u00f3n de Carter, quien incluso acepta que le provocaba una fascinaci\u00f3n morbosa. Sin embargo, todo el conocimiento que adquiere Carter durante el periodo que trabaj\u00f3 con Warren pasa a segundo plano, pues precisamente toda la fascinaci\u00f3n simplemente desaparece al mismo tiempo que deja de temer a Warren. Resulta curioso que el sentimiento de Carter se confunda con el del lector, porque la idea es que precisamente el lector tenga estos cambios de conducta a lo largo del cuento, pero siempre teniendo en mente la escena del sepulcro, en la cual Lovecraft demuestra toda la destreza para cautivar al lector.<\/p>\n<p>La escena del sepulcro resume perfectamente el objetivo de Lovecraft, quien busca asustar al lector mediante lo desconocido. La terquedad que muestra Warren para entrar solo al sepulcro resalta con las ganas de acompa\u00f1arlo de Carter. De hecho, al final, Carter termina retrocediendo en su petici\u00f3n de seguirlo porque para Warren era imprescindible ir solo. De aqu\u00ed en adelante, el lector est\u00e1 cegado al igual que Carter: no tiene idea de lo que ocurre dentro del sepulcro. Cuando comienza la conversaci\u00f3n entre ambos, la expectativa por conocer qu\u00e9 ocurr\u00eda se incrementaba debido a los comentarios de Warren, que de ning\u00fan modo ocultaba su excitaci\u00f3n ante el descubrimiento. No obstante, la atm\u00f3sfera del cuento se torna negativa cuando las mismas palabras de excitaci\u00f3n se convierten en gritos para que Carter se aleje del lugar. Para Carter y para el lector se convierte la traves\u00eda al sepulcro en una despedida con muchas preguntas al aire: \u00bfqu\u00e9 estaba ocurriendo con Warren? El cambio en su actitud se nota f\u00e1cilmente hasta que, de pronto, se interrumpe la conversaci\u00f3n. El silencio no solo alarga la agon\u00eda por conocer lo que hab\u00eda ocurrido con Warren, sino la inquietud del lector por conocer el desenlace del cuento. Y precisamente el final es inesperado, pero tambi\u00e9n estuvo a la altura de todo el clima que se hab\u00eda generado hasta el momento. La descripci\u00f3n que daba Warren casi en un estado de lamento y de terror ten\u00eda que plasmarse en algo que deje totalmente at\u00f3nito al lector. La criatura que probablemente hab\u00eda acechado a Warren en el interior del sepulcro deb\u00eda ser la que termine la historia. Carter sab\u00eda que algo hab\u00eda ocurrido con Warren pero en ese momento no pensaba con detalle lo que estaba ocurriendo. De hecho se menciona que despierta en el hospital, porque lo que causa la respuesta desde el sepulcro ante su insistencia por conocer lo que pasaba con Warren lo deja sin conocimiento. La criatura confirma que Warren estaba muerto. Lovecraft hab\u00eda cumplido el objetivo.<\/p>\n","protected":false},"excerpt":{"rendered":"<p>El misterio y el terror son dos ingredientes que no son ajenos al estilo de Lovecraft. En este cuento, el lector, a trav\u00e9s de Carter, participa en las diferentes situaciones que surgen en el relato y, de una manera, la &hellip; <a href=\"https:\/\/blogs.up.edu.pe\/nubes\/trabajos\/trabajos-finales-ciclo-de-otono-de-2013\/la-declaracion-de-randolph-carter-de-h-p-lovecraft-por-victor-ricardo-quispe-de-la-cruz\/\">Sigue leyendo <span class=\"meta-nav\">&rarr;<\/span><\/a><\/p>\n","protected":false},"author":3,"featured_media":0,"parent":918,"menu_order":14,"comment_status":"closed","ping_status":"closed","template":"","meta":{"footnotes":""},"class_list":["post-969","page","type-page","status-publish","hentry"],"_links":{"self":[{"href":"https:\/\/blogs.up.edu.pe\/nubes\/wp-json\/wp\/v2\/pages\/969","targetHints":{"allow":["GET"]}}],"collection":[{"href":"https:\/\/blogs.up.edu.pe\/nubes\/wp-json\/wp\/v2\/pages"}],"about":[{"href":"https:\/\/blogs.up.edu.pe\/nubes\/wp-json\/wp\/v2\/types\/page"}],"author":[{"embeddable":true,"href":"https:\/\/blogs.up.edu.pe\/nubes\/wp-json\/wp\/v2\/users\/3"}],"replies":[{"embeddable":true,"href":"https:\/\/blogs.up.edu.pe\/nubes\/wp-json\/wp\/v2\/comments?post=969"}],"version-history":[{"count":1,"href":"https:\/\/blogs.up.edu.pe\/nubes\/wp-json\/wp\/v2\/pages\/969\/revisions"}],"predecessor-version":[{"id":970,"href":"https:\/\/blogs.up.edu.pe\/nubes\/wp-json\/wp\/v2\/pages\/969\/revisions\/970"}],"up":[{"embeddable":true,"href":"https:\/\/blogs.up.edu.pe\/nubes\/wp-json\/wp\/v2\/pages\/918"}],"wp:attachment":[{"href":"https:\/\/blogs.up.edu.pe\/nubes\/wp-json\/wp\/v2\/media?parent=969"}],"curies":[{"name":"wp","href":"https:\/\/api.w.org\/{rel}","templated":true}]}}