{"id":828,"date":"2013-05-11T02:45:24","date_gmt":"2013-05-11T02:45:24","guid":{"rendered":"https:\/\/blogs.up.edu.pe\/nubes\/\/?page_id=828"},"modified":"2013-05-11T02:47:07","modified_gmt":"2013-05-11T02:47:07","slug":"arthur-c-clarke-los-poseidos","status":"publish","type":"page","link":"https:\/\/blogs.up.edu.pe\/nubes\/textos-de-discusion\/arthur-c-clarke-los-poseidos\/","title":{"rendered":"Arthur C. Clarke, \u00abLos pose\u00eddos\u00bb"},"content":{"rendered":"<p align=\"CENTER\"><span style=\"font-size: x-large;\">Arthur C. Clarke<\/span><\/p>\n<p align=\"CENTER\"><span style=\"font-size: x-large;\"><b>Los pose\u00eddos<\/b><\/span><\/p>\n<p align=\"CENTER\">\n<p align=\"RIGHT\">Edici\u00f3n para el club virtual de lectura\u00a0<i style=\"color: inherit; font-size: small;\">En las nubes de la ficci\u00f3n.<br \/>\n<\/i>Universidad del Pac\u00edfico, mayo de 2013<\/p>\n<p align=\"JUSTIFY\">\n<p style=\"padding-left: 120px;\" align=\"JUSTIFY\"><i>Se dirigieron hacia el futuro&#8230; en busca de algo oculto en el distante pasado.<\/i><\/p>\n<p style=\"padding-left: 120px;\" align=\"JUSTIFY\"><i>Clarke, en uno de sus cuentos m\u00e1s originales, nos recuerda que lo grande y lo peque\u00f1o est\u00e1n relacionados; ambos aspectos forman parte del proceso que est\u00e1 actuando en el Universo. Un proceso que, en su totalidad, es indiferente al hombre. Puede que las incursiones del hombre en el Universo, si es que llega a realizarlas, sean m\u00e1s como las de los lemmings, que progresiones racionales.<\/i><\/p>\n<p style=\"padding-left: 120px; text-align: right;\" align=\"JUSTIFY\">Brian Aldiss<\/p>\n<p align=\"JUSTIFY\">\n<p style=\"padding-left: 120px;\" align=\"JUSTIFY\"><i>Si no me falla la memoria, he escrito s\u00f3lo dos cuentos basados en ideas sugeridas por otras personas. Uno de ellos es este, y aqu\u00ed confieso mi agradecimiento a Mike Wilson, que puede compartir su parte de culpa.<\/i><\/p>\n<p align=\"RIGHT\">Arthur C. Clarke<\/p>\n<p align=\"JUSTIFY\">\n<p align=\"JUSTIFY\">Y ahora este sol estaba tan cercano que el hurac\u00e1n de radiaci\u00f3n estaba obligando al Swarm a volver a la obscura noche del espacio. Pronto ya no podr\u00eda acercarse m\u00e1s; los ventarrones de luz sobre los cuales cabalgaba de estrella en estrella ya no podr\u00edan ser enfrentados tan cerca de su origen. A menos que encontrara un planeta muy pronto, y pudiera caer bajo la paz y seguridad de su sombra, este sol deb\u00eda ser abandonado como ya lo hab\u00edan sido tantos otros anteriormente.<\/p>\n<p align=\"JUSTIFY\">Ya se hab\u00edan buscado y descartado seis fr\u00edos mundos exteriores. O estaban congelados m\u00e1s all\u00e1 de toda esperanza de vida org\u00e1nica, o si no albergaban entidades de especies que eran in\u00fatiles para el Swarm. Para que \u00e9ste pudiera sobrevivir, deb\u00eda encontrar hu\u00e9spedes no demasiado distintos de aquellos que hab\u00eda abandonado en su sentenciado y distante hogar. Hac\u00eda millones de a\u00f1os que el Swarm hab\u00eda comenzado su viaje, barrido hacia las estrellas por los fuegos que produjo, al estallar, su propio sol. Aun as\u00ed, el recuerdo de su perdida tierra natal era agudo y claro, un dolor que no morir\u00eda nunca.<\/p>\n<p align=\"JUSTIFY\">Adelante hab\u00eda un planeta, arrastrando su cono de sombra a trav\u00e9s de la noche barrida por las llamas. Los sentidos que el Swarm hab\u00eda desarrollado a lo largo de su extenso viaje se proyectaron hacia el mundo que se acercaba, se proyectaron y lo encontraron bueno. Los inclementes golpes de radiaci\u00f3n cesaron cuando el negro disco del planeta eclips\u00f3 al Sol. El Swarm se desliz\u00f3 suavemente en ca\u00edda libre hasta que golpe\u00f3 la franja exterior de la atm\u00f3sfera. La primera vez que hab\u00eda descendido sobre un planeta casi encuentra la muerte, pero ahora contrajo su tenue substancia con la impensada habilidad que da la larga pr\u00e1ctica, hasta que form\u00f3 una esfera peque\u00f1a y firmemente tejida. Su velocidad disminuy\u00f3 lentamente, hasta que al fin flot\u00f3 inm\u00f3vil entre la tierra y el cielo.<\/p>\n<p align=\"JUSTIFY\">Durante muchos a\u00f1os cabalg\u00f3 los vientos de la estratosfera de polo a polo, o dej\u00f3 que los silenciosos disparos del alba lo arrojaran hacia el oeste, apart\u00e1ndolo del sol naciente. En todos lados encontr\u00f3 vida, pero inteligencia en ninguno. Hab\u00eda cosas que se arrastraban, y volaban y saltaban, pero no hab\u00eda cosas que hablaran o construyeran. Dentro de diez millones de a\u00f1os podr\u00eda haber aqu\u00ed criaturas con mentes que el Swarm podr\u00eda poseer y guiar para sus propios prop\u00f3sitos; pero ahora no hab\u00eda se\u00f1al de ellas. No pod\u00eda adivinar cu\u00e1l de las innumerables formas de vida de este planeta ser\u00eda la heredera del futuro, y sin tal hu\u00e9sped estaba indefenso&#8230;, un simple esquema de cargas el\u00e9ctricas, una matriz de orden y propio conocimiento en un universo de caos. El Swarm no ten\u00eda control sobre la materia por sus propios medios, pero aun as\u00ed, una vez que se hubiera alojado en la mente de una raza sensorial, no hab\u00eda nada que estuviera fuera de su poder.<\/p>\n<p align=\"JUSTIFY\">No era la primera vez, y no ser\u00eda la \u00faltima, que el planeta fuera vigilado por un visitante del espacio&#8230;, pero nunca por ninguno en una tan peculiar y urgente necesidad. El Swarm se enfrentaba con un dilema atormentador. Pod\u00eda comenzar una vez m\u00e1s sus agotadores viajes, esperando poder encontrar definitivamente las condiciones que buscaba, o pod\u00eda esperar aqu\u00ed sobre este mundo, haciendo tiempo hasta que se levantara una raza que se acomodara a sus prop\u00f3sitos.<\/p>\n<p align=\"JUSTIFY\">Se movi\u00f3 como la niebla a trav\u00e9s de las sombras, dejando que los vientos vagabundos lo llevaran donde quisieran. Los toscos y malformados reptiles de este joven mundo nunca lo vieron pasar, pero \u00e9l los observ\u00f3, grabando, analizando, tratando de extrapolar hacia el futuro. Hab\u00eda tan poco que elegir entre todas estas criaturas; ninguna de ellas mostraba siquiera los primeros d\u00e9biles brillos de una mente consciente. Pero si abandonaba este mundo en b\u00fasqueda de otro, podr\u00eda recorrer el universo en vano hasta el fin del tiempo.<\/p>\n<p align=\"JUSTIFY\">Finalmente tom\u00f3 una decisi\u00f3n. Debido a su propia naturaleza, pod\u00eda elegir las dos alternativas. La mayor parte del Swarm continuar\u00eda sus viajes entre las estrellas, pero una porci\u00f3n de \u00e9l permanecer\u00eda sobre este mundo, como una semilla plantada en espera de la futura cosecha.<\/p>\n<p align=\"JUSTIFY\">Comenz\u00f3 a girar sobre su eje, y su tenue cuerpo se aplan\u00f3 hasta convertirse en un disco. Ahora fluctuaba entre las fronteras de la visibilidad&#8230;, era un p\u00e1lido fantasma, un d\u00e9bil fuego fatuo que s\u00fabitamente se escindi\u00f3 en dos fragmentos desiguales. La rotaci\u00f3n muri\u00f3 lentamente: el Swarm se hab\u00eda convertido en dos, cada uno de ellos una entidad con todos los recuerdos del original, y todos sus deseos y necesidades.<\/p>\n<p align=\"JUSTIFY\">Hubo un \u00faltimo intercambio de ideas entre padre e hijo que al mismo tiempo eran gemelos id\u00e9nticos. Si todo anduviera bien para los dos, se encontrar\u00edan nuevamente en el futuro lejano, aqu\u00ed en este valle entre las monta\u00f1as. El que iba a permanecer aqu\u00ed, retornar\u00eda a este punto a intervalos regulares, indefinidamente; el que continuara la b\u00fasqueda enviar\u00eda un emisario si alguna vez encontraba un mundo mejor. Y entonces se unir\u00edan nuevamente, sin ser ya exiliados sin hogar vagando en vano en medio de las indiferentes estrellas.<\/p>\n<p align=\"JUSTIFY\">La luz del alba se derramaba sobre las monta\u00f1as nuevas y desnudas cuando el Swarm padre se elev\u00f3 para enfrentar al Sol. En el borde de la atm\u00f3sfera, los ventarrones de radiaci\u00f3n lo atraparon y lo barrieron irresistiblemente m\u00e1s all\u00e1 de los planetas, para comenzar una vez m\u00e1s la interminable b\u00fasqueda.<\/p>\n<p align=\"JUSTIFY\">El que qued\u00f3 comenz\u00f3 su igualmente desesperanzada tarea. Necesitaba un animal que no fuera de una especie tan escasa, que las enfermedades o los accidentes la hicieran extinguirse, ni tampoco tan peque\u00f1o que nunca pudiera adquirir poder sobre el mundo f\u00edsico. Y deber\u00eda multiplicarse r\u00e1pidamente, de modo tal que su evoluci\u00f3n pudiera ser dirigida y controlada tan suavemente como fuera posible. La b\u00fasqueda fue prolongada, y la elecci\u00f3n dif\u00edcil, pero al fin el Swarm seleccion\u00f3 su hu\u00e9sped. Como la lluvia que se hunde en el suelo sediento, penetr\u00f3 en los cuerpos de ciertos peque\u00f1os lagartos y comenz\u00f3 a dirigir sus destinos. Fue un trabajo intenso, aun para un ser que nunca podr\u00eda conocer la muerte. Pasaron generaciones y generaciones de lagartos hasta que se produjo la m\u00e1s m\u00ednima mejora en la raza. Y siempre, de acuerdo con lo convenido, el Swarm retornaba a su cita entre las monta\u00f1as. Siempre retorn\u00f3 en vano. No hab\u00eda mensajero proveniente de las estrellas que trajera noticias de mejor fortuna en alguna otra parte.<\/p>\n<p align=\"JUSTIFY\">Los siglos se alargaron en milenios, los milenios en eones. De acuerdo con los est\u00e1ndares geol\u00f3gicos, los lagartos estaban ahora cambiando r\u00e1pidamente. En realidad ya no eran lagartos, sino criaturas de sangre c\u00e1lida, cubiertas de piel, que par\u00edan vivos a sus hijos. Todav\u00eda eran peque\u00f1as y d\u00e9biles, sus mentes eran rudimentarias, pero conten\u00edan las semillas de la futura grandeza.<\/p>\n<p align=\"JUSTIFY\">Pero no s\u00f3lo las criaturas vivientes cambiaban a medida que pasaban las \u00e9pocas. Los continentes se separaban, las monta\u00f1as se gastaban bajo el peso de las constantes lluvias. A trav\u00e9s de todos estos cambios, el Swarm mantuvo su prop\u00f3sito; y siempre, en los plazos convenidos, iba al lugar de encuentro que se hab\u00eda elegido hac\u00eda ya tanto tiempo, esperaba pacientemente durante un rato y se alejaba. Quiz\u00e1 el Swarm padre todav\u00eda estaba buscando o quiz\u00e1 (era una idea terrible y dif\u00edcil de aceptar) lo hab\u00eda alcanzado alg\u00fan destino desconocido y hab\u00eda seguido el camino de la raza a la que hab\u00eda dominado anteriormente. No hab\u00eda nada que hacer m\u00e1s que esperar, y ver si la tenaz forma de vida de este planeta pod\u00eda ser obligada a entrar en el sendero que conduc\u00eda a la inteligencia.<\/p>\n<p align=\"JUSTIFY\">Y as\u00ed pasaron los eones&#8230;<\/p>\n<p align=\"JUSTIFY\">\n<p align=\"JUSTIFY\">En alg\u00fan lugar del laberinto de la evoluci\u00f3n, el Swarm cometi\u00f3 su error fatal y tom\u00f3 el camino equivocado. Hac\u00eda cien millones de a\u00f1os que hab\u00eda llegado a la Tierra, y estaba muy cansado. No pod\u00eda morir, pero pod\u00eda degenerar. Los recuerdos de su viejo hogar y de sus destinos se estaban desvaneciendo: su inteligencia estaba decayendo aun cuando sus hu\u00e9spedes estaban trepando la larga ladera que los conducir\u00eda al conocimiento de s\u00ed mismos.<\/p>\n<p align=\"JUSTIFY\">Por una c\u00f3smica iron\u00eda, al dar el \u00edmpetu que un d\u00eda traer\u00eda la inteligencia a este mundo, el Swarm se hab\u00eda consumido. Hab\u00eda alcanzado el \u00faltimo estado de parasitismo; ya no pod\u00eda existir alejado de sus hu\u00e9spedes. Ya nunca m\u00e1s podr\u00eda cabalgar libre por sobre este mundo, conducido por el viento y por el sol. Para hacer el peregrinaje hasta el viejo lugar de encuentro, deb\u00eda viajar lenta y penosamente dentro de mil peque\u00f1os cuerpos. Aun as\u00ed continuaba la costumbre inmemorial, conducido por el deseo de reuni\u00f3n que lo quemaba con m\u00e1s voracidad que nunca, ahora que conoc\u00eda la amargura del fracaso. S\u00f3lo si el Swarm padre retornara y lo reabsorbiera, podr\u00eda conocer nueva vida y vigor.<\/p>\n<p align=\"JUSTIFY\">Los glaciares llegaron y se fueron; las peque\u00f1as bestias que ahora albergaban a la decadente inteligencia extra\u00f1a, escaparon s\u00f3lo por milagro de las garras del hielo. Los oc\u00e9anos conquistaron la tierra, y aun as\u00ed la raza sobrevivi\u00f3. Incluso se multiplic\u00f3, pero no pod\u00eda hacer m\u00e1s. Este mundo no ser\u00eda nunca su propiedad, porque muy lejos, en el coraz\u00f3n de otro continente, un cierto mono hab\u00eda descendido de los \u00e1rboles, y estaba mirando hacia las estrellas con los primeros indicios de curiosidad.<\/p>\n<p align=\"JUSTIFY\">La mente del Swarm se estaba dispersando, desparram\u00e1ndose entre un mill\u00f3n de peque\u00f1os cuerpos, y ya no era capaz de unirse y hacer imponer su voluntad. Hab\u00eda perdido toda cohesi\u00f3n, sus recuerdos se estaban desvaneciendo. En un mill\u00f3n de a\u00f1os como m\u00e1ximo, se habr\u00edan ido todos.<\/p>\n<p align=\"JUSTIFY\">S\u00f3lo se manten\u00eda una cosa&#8230;, la ciega urgencia que todav\u00eda, a intervalos, que por alguna extra\u00f1a aberraci\u00f3n se estaban volviendo cada vez m\u00e1s cortos, lo conduc\u00eda a buscar su fin en un valle que hab\u00eda dejado de existir hac\u00eda ya mucho tiempo.<\/p>\n<p align=\"JUSTIFY\">\n<p align=\"JUSTIFY\">Recorriendo tranquilamente la senda de la luz lunar, el crucero de placer pas\u00f3 la isla con su gui\u00f1ante faro, y entr\u00f3 al fiordo. Era una noche calma y agradable, Venus se hund\u00eda en el oeste, m\u00e1s all\u00e1 de las Faroes, y las luces del puerto se reflejaban apenas temblorosamente en las lejanas y quietas aguas.<\/p>\n<p align=\"JUSTIFY\">\n<p align=\"JUSTIFY\">Nils y Christina estaban extremadamente contentos. Parados uno al lado del otro contra la barandilla del barco, los dedos entrelazados, observaban las arboladas laderas que se deslizaban silenciosamente. Los altos \u00e1rboles estaban inm\u00f3viles bajo la luz lunar, ni el menor soplo de viento remov\u00eda sus hojas; desde charcos de sombra sus delgados troncos se elevaban p\u00e1lidamente. Todo el mundo estaba dormido; solamente el barco se atrev\u00eda a quebrar el encanto que hab\u00eda hechizado la noche. De repente, Christina lanz\u00f3 un peque\u00f1o gemido, y Nils sinti\u00f3 sus dedos apretarse convulsivamente sobre los suyos. Sigui\u00f3 su mirada: ella estaba mirando fijamente a trav\u00e9s de las aguas, hacia los silenciosos centinelas del bosque.<\/p>\n<p align=\"JUSTIFY\">\u2014\u00bfQu\u00e9 pasa, querida?<\/p>\n<p align=\"JUSTIFY\">\u2014\u00a1Mira! <span style=\"font-family: 'Times New Roman', serif;\">\u2014<\/span>replic\u00f3 ella, en un suspiro que Nils apenas pudo escuchar<span style=\"font-family: 'Times New Roman', serif;\">\u2014<\/span>. \u00a1All\u00e1, bajo los pinos!<\/p>\n<p align=\"JUSTIFY\">Nils mir\u00f3, y mientras lo hac\u00eda, la belleza de la noche se desvaneci\u00f3 lentamente, y terrores ancestrales llegaron gateando desde el exilio. Porque debajo de los \u00e1rboles la tierra estaba viva: una sucia marea marr\u00f3n se mov\u00eda bajando las laderas de la colina y se sumerg\u00eda en las aguas obscuras. Aqu\u00ed hab\u00eda un claro sobre el cual ca\u00eda, no ensombrecida, la luz lunar. Estaba cambiando incluso mientras \u00e9l observaba: la superficie de la tierra parec\u00eda estar ondul\u00e1ndose hacia abajo, como una lenta cascada que buscara unirse con el mar.<\/p>\n<p align=\"JUSTIFY\">Y entonces Nils se ri\u00f3, y el mundo estuvo cuerdo una vez m\u00e1s. Christina lo mir\u00f3, sorprendida pero confiada nuevamente.<\/p>\n<p align=\"JUSTIFY\">\u2014\u00bfNo te acuerdas? <span style=\"font-family: 'Times New Roman', serif;\">\u2014<\/span>sonri\u00f3<span style=\"font-family: 'Times New Roman', serif;\">\u2014<\/span>. Lo le\u00edmos en el diario de esta ma\u00f1ana. Lo hacen cada tanto y siempre de noche. Est\u00e1 pasando esto desde hace d\u00edas.<\/p>\n<p align=\"JUSTIFY\">Se estaba burlando de ella, alejando la tensi\u00f3n de los \u00faltimos minutos. Christina le devolvi\u00f3 la mirada y una lenta sonrisa ilumin\u00f3 su rostro.<\/p>\n<p align=\"JUSTIFY\">\u2014\u00a1Por supuesto! <span style=\"font-family: 'Times New Roman', serif;\">\u2014<\/span>dijo ella<span style=\"font-family: 'Times New Roman', serif;\">\u2014<\/span> \u00a1Qu\u00e9 tonta soy!<\/p>\n<p align=\"JUSTIFY\">Luego se volvi\u00f3 una vez m\u00e1s hacia la Tierra, y su expresi\u00f3n se torn\u00f3 triste, porque ten\u00eda muy buen coraz\u00f3n.<\/p>\n<p align=\"JUSTIFY\">\u2014\u00a1Pobrecitas <span style=\"font-family: 'Times New Roman', serif;\">\u2014<\/span>suspir\u00f3<span style=\"font-family: 'Times New Roman', serif;\">\u2014<\/span>. Quisiera saber por qu\u00e9 lo hacen. Nils se encogi\u00f3 de hombros con indiferencia.<\/p>\n<p align=\"JUSTIFY\">\u2014Nadie lo sabe <span style=\"font-family: 'Times New Roman', serif;\">\u2014<\/span>contest\u00f3<span style=\"font-family: 'Times New Roman', serif;\">\u2014<\/span>. Es nada m\u00e1s que otro de esos misterios. Yo no pensar\u00eda en eso, si tanto te preocupa. Mira&#8230;, pronto estaremos en el puerto.<\/p>\n<p align=\"JUSTIFY\">Se volvieron hacia las luces en donde estaba su futuro, y s\u00f3lo una vez Christina mir\u00f3 hacia atr\u00e1s, hacia la marca tr\u00e1gica y sin sentido que todav\u00eda flotaba sobre la luna.<\/p>\n<p align=\"JUSTIFY\">Obedeciendo a un impulso cuyo significado nunca hab\u00edan conocido, las sentenciadas legiones de lemmings hab\u00edan encontrado el olvido bajo las olas.<\/p>\n<p align=\"CENTER\">\n<p align=\"CENTER\">* * *<\/p>\n<p align=\"JUSTIFY\">\n<p align=\"JUSTIFY\"><span style=\"font-size: small;\">The possessed, \u00a9 1952 by Columbia Publications Inc.. Traducido por Mar\u00eda J. Sabejano en <i>Alcanza el ma\u00f1ana, relatos de Arthur C. Clarke, grandes \u00e9xitos<\/i><\/span><\/p>\n<p><a title=\"Arthur C. Clarke, &quot;Los pose\u00eddos&quot;\" href=\"https:\/\/blogs.up.edu.pe\/nubes\/\/wp-content\/uploads\/2013\/05\/Clarke-Los-poseidos.pdf\"><\/p>\n<p align=\"JUSTIFY\">Desc\u00e1rgalo en PDF.<\/p>\n<p><\/a><\/p>\n","protected":false},"excerpt":{"rendered":"<p>Arthur C. Clarke Los pose\u00eddos Edici\u00f3n para el club virtual de lectura\u00a0En las nubes de la ficci\u00f3n. Universidad del Pac\u00edfico, mayo de 2013 Se dirigieron hacia el futuro&#8230; en busca de algo oculto en el distante pasado. Clarke, en uno &hellip; <a href=\"https:\/\/blogs.up.edu.pe\/nubes\/textos-de-discusion\/arthur-c-clarke-los-poseidos\/\">Sigue leyendo <span class=\"meta-nav\">&rarr;<\/span><\/a><\/p>\n","protected":false},"author":3,"featured_media":0,"parent":9,"menu_order":19,"comment_status":"closed","ping_status":"closed","template":"","meta":{"footnotes":""},"class_list":["post-828","page","type-page","status-publish","hentry"],"_links":{"self":[{"href":"https:\/\/blogs.up.edu.pe\/nubes\/wp-json\/wp\/v2\/pages\/828","targetHints":{"allow":["GET"]}}],"collection":[{"href":"https:\/\/blogs.up.edu.pe\/nubes\/wp-json\/wp\/v2\/pages"}],"about":[{"href":"https:\/\/blogs.up.edu.pe\/nubes\/wp-json\/wp\/v2\/types\/page"}],"author":[{"embeddable":true,"href":"https:\/\/blogs.up.edu.pe\/nubes\/wp-json\/wp\/v2\/users\/3"}],"replies":[{"embeddable":true,"href":"https:\/\/blogs.up.edu.pe\/nubes\/wp-json\/wp\/v2\/comments?post=828"}],"version-history":[{"count":2,"href":"https:\/\/blogs.up.edu.pe\/nubes\/wp-json\/wp\/v2\/pages\/828\/revisions"}],"predecessor-version":[{"id":831,"href":"https:\/\/blogs.up.edu.pe\/nubes\/wp-json\/wp\/v2\/pages\/828\/revisions\/831"}],"up":[{"embeddable":true,"href":"https:\/\/blogs.up.edu.pe\/nubes\/wp-json\/wp\/v2\/pages\/9"}],"wp:attachment":[{"href":"https:\/\/blogs.up.edu.pe\/nubes\/wp-json\/wp\/v2\/media?parent=828"}],"curies":[{"name":"wp","href":"https:\/\/api.w.org\/{rel}","templated":true}]}}