{"id":673,"date":"2013-03-04T22:48:48","date_gmt":"2013-03-04T22:48:48","guid":{"rendered":"https:\/\/blogs.up.edu.pe\/nubes\/\/?page_id=673"},"modified":"2013-03-04T22:48:48","modified_gmt":"2013-03-04T22:48:48","slug":"el-naturalismo-por-alejandra-mendoza","status":"publish","type":"page","link":"https:\/\/blogs.up.edu.pe\/nubes\/trabajos\/trabajos-finales-ciclo-de-verano-2013\/el-naturalismo-por-alejandra-mendoza\/","title":{"rendered":"El naturalismo, por Alejandra Mendoza"},"content":{"rendered":"<p lang=\"es-ES\" align=\"JUSTIFY\">El naturalismo es un estilo literario que surge del realismo; se cre\u00f3 en Francia impulsado principalmente por Emile Zola (con su novela <i>Therese Raquin<\/i>) y se extendi\u00f3 a toda Europa a lo largo de veinte a\u00f1os en el siglo XIX. Algunos cr\u00edticos han tratado de clasificar al naturalismo como un tipo de realismo radical; sin embargo, el movimiento tiene suficiente personalidad y profundidad como para ser apartado del realismo. Consiste en reproducir la realidad (sobre todo lo normal y lo cotidiano) con una objetividad perfecta en todos los aspectos (tanto los m\u00e1s sublimes como los m\u00e1s vulgares). Adem\u00e1s, pretende explicar los comportamientos del ser humano e interpretar la vida mediante la descripci\u00f3n del entorno social y, de esta manera, descubrir las leyes bajo las que se rigen las conductas humanas.<\/p>\n<p lang=\"es-ES\" align=\"JUSTIFY\">Los personajes propios del naturalismo son vulgares, grises y bastante \u201ccomunes\u201d, es decir, sin ning\u00fan rasgo distintivo o especial. Una de las caracter\u00edsticas destacadas del naturalismo es que presta especial importancia al personaje femenino. El naturalismo, presenta al personaje como un animal sujeto a las leyes de la naturaleza y a las de la sociedad.<\/p>\n<p lang=\"es-ES\" align=\"JUSTIFY\">Las obras naturalistas normalmente se desarrollan a lo largo de unos a\u00f1os que resultan vitales en la vida del personaje. La obra comienza justo antes del conflicto central y luego se retrocede en el tiempo para relatar hechos del pasado que son importantes para la historia. Esto se denomina <i>in media res<\/i>, es decir, comenzar la historia desde la mitad.<\/p>\n<p lang=\"es-ES\" align=\"JUSTIFY\">Las obras naturalistas describen en gran detalle los ambientes m\u00e1s extremos con el prop\u00f3sito de poner al descubierto el nivel de marginaci\u00f3n de la sociedad. Suelen representar a sus personajes en situaciones extremas de pobreza y como estos reaccionan a su entorno. Con el naturalismo se busca reflejar que la condici\u00f3n humana esta influenciada y marcada por tres principales factores; en primer lugar, las taras sociales (alcoholismo, prostituci\u00f3n, violencia, racismo, etc.), la herencia gen\u00e9tica y el entorno social y material en el que se desarrollan las personas. Este g\u00e9nero refuta el romanticismo y dice las cosas de manera muy directa y franca; hecho que ha generado muchas reacciones negativas hacia el g\u00e9nero.<\/p>\n<p lang=\"es-ES\" align=\"JUSTIFY\">Otra caracter\u00edstica de las obras naturalistas es que el narrador conozca \u00edntegramente la historia y el mundo interior de los personajes, es decir, que sea omnisciente. Adem\u00e1s, es com\u00fan que este narrador no tenga ninguna intervenci\u00f3n directa.<\/p>\n<p lang=\"es-ES\" align=\"JUSTIFY\">La \u00faltima caracter\u00edstica importante de este g\u00e9nero literario es el lenguaje. Es un lenguaje bastante sencillo y directo. Adem\u00e1s, uno de los logros del naturalismo es la viveza y frescura con la que se reproduce el di\u00e1logo coloquial.<\/p>\n<p lang=\"es-ES\" align=\"JUSTIFY\">Estas caracter\u00edsticas se pueden ver muy marcadamente en los dos cuentos naturalistas estudiados a lo largo del curso, \u201cUna vendetta\u201d de Guy de Maupassant y \u201cLa tristeza\u201d de Anton Chejov, as\u00ed como, en cierto modo, en \u201cEl virrey de la adivinanza\u201d de Ricardo Palma. En los dos primeros textos se ve a personajes marginados y en los tres se describe en gran detalle el entorno y las acciones de los personajes de la historia. Adem\u00e1s se demuestra que el lenguaje es bastante sencillo y directo, una de las principales caracter\u00edsticas del g\u00e9nero en cuesti\u00f3n.<\/p>\n<p lang=\"es-ES\" align=\"JUSTIFY\">Muchos dicen que el naturalismo no es solo una tendencia literaria sino una forma de comprender el comportamiento humano y entender sus costumbres e interacciones en sociedad. Puede que unos est\u00e9n de acuerdo con esta teor\u00eda y otros no; lo que est\u00e1 claro es que el naturalismo ha tenido mucha importancia en la literatura y que sirve de inspiraci\u00f3n para muchos escritores modernos.<\/p>\n","protected":false},"excerpt":{"rendered":"<p>El naturalismo es un estilo literario que surge del realismo; se cre\u00f3 en Francia impulsado principalmente por Emile Zola (con su novela Therese Raquin) y se extendi\u00f3 a toda Europa a lo largo de veinte a\u00f1os en el siglo XIX. &hellip; <a href=\"https:\/\/blogs.up.edu.pe\/nubes\/trabajos\/trabajos-finales-ciclo-de-verano-2013\/el-naturalismo-por-alejandra-mendoza\/\">Sigue leyendo <span class=\"meta-nav\">&rarr;<\/span><\/a><\/p>\n","protected":false},"author":3,"featured_media":0,"parent":632,"menu_order":9,"comment_status":"closed","ping_status":"closed","template":"","meta":{"footnotes":""},"class_list":["post-673","page","type-page","status-publish","hentry"],"_links":{"self":[{"href":"https:\/\/blogs.up.edu.pe\/nubes\/wp-json\/wp\/v2\/pages\/673","targetHints":{"allow":["GET"]}}],"collection":[{"href":"https:\/\/blogs.up.edu.pe\/nubes\/wp-json\/wp\/v2\/pages"}],"about":[{"href":"https:\/\/blogs.up.edu.pe\/nubes\/wp-json\/wp\/v2\/types\/page"}],"author":[{"embeddable":true,"href":"https:\/\/blogs.up.edu.pe\/nubes\/wp-json\/wp\/v2\/users\/3"}],"replies":[{"embeddable":true,"href":"https:\/\/blogs.up.edu.pe\/nubes\/wp-json\/wp\/v2\/comments?post=673"}],"version-history":[{"count":1,"href":"https:\/\/blogs.up.edu.pe\/nubes\/wp-json\/wp\/v2\/pages\/673\/revisions"}],"predecessor-version":[{"id":674,"href":"https:\/\/blogs.up.edu.pe\/nubes\/wp-json\/wp\/v2\/pages\/673\/revisions\/674"}],"up":[{"embeddable":true,"href":"https:\/\/blogs.up.edu.pe\/nubes\/wp-json\/wp\/v2\/pages\/632"}],"wp:attachment":[{"href":"https:\/\/blogs.up.edu.pe\/nubes\/wp-json\/wp\/v2\/media?parent=673"}],"curies":[{"name":"wp","href":"https:\/\/api.w.org\/{rel}","templated":true}]}}