{"id":666,"date":"2013-03-04T22:45:15","date_gmt":"2013-03-04T22:45:15","guid":{"rendered":"https:\/\/blogs.up.edu.pe\/nubes\/\/?page_id=666"},"modified":"2013-03-04T22:45:15","modified_gmt":"2013-03-04T22:45:15","slug":"el-hijo-solo-de-jose-maria-arguedas-por-jessica-talavera","status":"publish","type":"page","link":"https:\/\/blogs.up.edu.pe\/nubes\/trabajos\/trabajos-finales-ciclo-de-verano-2013\/el-hijo-solo-de-jose-maria-arguedas-por-jessica-talavera\/","title":{"rendered":"\u201cEl Hijo Solo\u201d de Jos\u00e9 Mar\u00eda Arguedas, por Jessica Talavera"},"content":{"rendered":"<p align=\"JUSTIFY\"><span style=\"font-family: Arial, sans-serif;\"><span style=\"font-size: medium;\">Me parece importante hablar acerca de este cuento, representativo del indigenismo, porque aprecio el hecho de que los autores peruanos resalten la diversidad de razas de nuestro pa\u00eds. En esta corta historia Jos\u00e9 Mar\u00eda Arguedas describe muy bien la dif\u00edcil situaci\u00f3n que muchas veces los ind\u00edgenas deben soportar cuando sus patrones abusan de ellos, pero a la vez hace referencia a su actitud positiva frente a la adversidad; con lo cual considero que el autor permite que tengamos una idea completa del indigenismo en el pa\u00eds dando a conocer tanto los aspectos positivos como los negativos. <\/span><\/span><\/p>\n<p align=\"JUSTIFY\"><span style=\"font-family: Arial, sans-serif;\"><span style=\"font-size: medium;\">Evidentemente, en el pasado era mucho m\u00e1s com\u00fan que existiera maltrato hacia los empleados de las haciendas, pero debe reconocerse que en la actualidad a\u00fan sucede esto en menor medida. Una pr\u00e1ctica com\u00fan es que los amos menosprecien a sus empleados llam\u00e1ndolos \u201cindios\u201d (en sentido peyorativo) en vez de utilizar su nombre. En ese sentido, en el cuento el autor hace referencia a la forma despectiva en la que los patrones alguna vez se habr\u00edan referido a Singuncha, pues \u00e9l mismo dirigi\u00e9ndose a Hijo Solo dice: \u201cLos patrones pelean, matan a sus animales; por eso dicen que Lucas Huayk\u2019o es infierno. Pero t\u00fa eres de Singuncha, endio sirviente\u201d. <\/span><\/span><\/p>\n<p align=\"JUSTIFY\"><span style=\"font-family: Arial, sans-serif;\"><span style=\"font-size: medium;\">Asimismo, en el cuento queda claro c\u00f3mo las condiciones en las que Singuncha vive dentro de la hacienda no son dignas. Por ejemplo, cuando el autor escribe acerca del lugar que le hab\u00edan dado para que durmiera, lo describe como una habitaci\u00f3n fr\u00eda y h\u00fameda que quedaba al costado de la despensa debajo de un muro que daba a la huerta, por lo que cada vez que llov\u00eda o regaban le ca\u00eda el agua, lo cual evidentemente es intolerable para cualquier persona.<\/span><\/span><\/p>\n<p align=\"JUSTIFY\"><span style=\"font-family: Arial, sans-serif;\"><span style=\"font-size: medium;\">Por otro lado, tambi\u00e9n es evidente c\u00f3mo el protagonista del cuento tiene una gran necesidad de afecto, lo cual se observa cuando encuentra en Hijo Solo, el perro amarillo, la compa\u00f1\u00eda que tanto necesitaba. Tan es as\u00ed que al ganarse su confianza no duda ni un solo instante en que se quedar\u00e1 a su lado para siempre, pase lo que pase, sin importar si los patrones iban a aceptar o no que se quede a vivir en la hacienda con ellos. Esto deja en claro el hecho de que Singuncha era una persona que hab\u00eda sufrido bastante y no contaba con muchos amigos.<\/span><\/span><\/p>\n<p align=\"JUSTIFY\"><span style=\"font-family: Arial, sans-serif;\"><span style=\"font-size: medium;\">Por otra parte, debe resaltarse una caracter\u00edstica importante de los ind\u00edgenas y es su apego a la religi\u00f3n. En ese sentido llama la atenci\u00f3n c\u00f3mo autom\u00e1ticamente al conocer al perro amarillo, la \u00fanica explicaci\u00f3n que Singuncha encuentra es que Dios lo puso en su camino porque \u201cen la vida pasada\u201d seguramente ambos vivieron juntos. Adem\u00e1s se aprecia c\u00f3mo el protagonista le ruega Dios que levante el fuego que hab\u00eda encendido cerca de la hacienda de Don Adalberto para cobrar venganza, y, al final del cuento, se ve como Singuncha decide irse de ese pueblo con la fe en que Dios lo har\u00eda llamar con alg\u00fan mensajero.<\/span><\/span><\/p>\n<p align=\"JUSTIFY\"><span style=\"font-family: Arial, sans-serif;\"><span style=\"font-size: medium;\">Esta descripci\u00f3n del cuento no estar\u00eda completa si no se hace referencia a la personalidad de los ind\u00edgenas descrita muy bien en el personaje de Singuncha, de quien se resalta su gran entusiasmo y optimismo a pesar de las dificultades que deb\u00eda enfrentar. En el cuento se hace referencia a \u00e9l como una persona alegre, trabajadora, que siempre ten\u00eda ganas de cumplir con las \u00f3rdenes que los patrones le daban, que no era tonto sino muy atento y valiente.<\/span><\/span><\/p>\n<p align=\"JUSTIFY\"><span style=\"font-family: Arial, sans-serif;\"><span style=\"font-size: medium;\">Por \u00faltimo, otra caracter\u00edstica interesante de este cuento es c\u00f3mo Arguedas resalta la belleza de los paisajes del Per\u00fa mencionando en varios momentos la variada flora y fauna que existe aqu\u00ed. As\u00ed por ejemplo, desde que comienza el cuento se describen perfectamente los alrededores de la hacienda ubicada al frente de una quebrada, donde viven distintos tipos de aves como las torcazas, las calandrias, las palomas y otros animales como pumas, vacas y patos; as\u00ed como la presencia de una gran variedad de flores de colores y los \u00e1rboles de duraznos.<\/span><\/span><\/p>\n","protected":false},"excerpt":{"rendered":"<p>Me parece importante hablar acerca de este cuento, representativo del indigenismo, porque aprecio el hecho de que los autores peruanos resalten la diversidad de razas de nuestro pa\u00eds. En esta corta historia Jos\u00e9 Mar\u00eda Arguedas describe muy bien la dif\u00edcil &hellip; <a href=\"https:\/\/blogs.up.edu.pe\/nubes\/trabajos\/trabajos-finales-ciclo-de-verano-2013\/el-hijo-solo-de-jose-maria-arguedas-por-jessica-talavera\/\">Sigue leyendo <span class=\"meta-nav\">&rarr;<\/span><\/a><\/p>\n","protected":false},"author":3,"featured_media":0,"parent":632,"menu_order":7,"comment_status":"closed","ping_status":"closed","template":"","meta":{"footnotes":""},"class_list":["post-666","page","type-page","status-publish","hentry"],"_links":{"self":[{"href":"https:\/\/blogs.up.edu.pe\/nubes\/wp-json\/wp\/v2\/pages\/666","targetHints":{"allow":["GET"]}}],"collection":[{"href":"https:\/\/blogs.up.edu.pe\/nubes\/wp-json\/wp\/v2\/pages"}],"about":[{"href":"https:\/\/blogs.up.edu.pe\/nubes\/wp-json\/wp\/v2\/types\/page"}],"author":[{"embeddable":true,"href":"https:\/\/blogs.up.edu.pe\/nubes\/wp-json\/wp\/v2\/users\/3"}],"replies":[{"embeddable":true,"href":"https:\/\/blogs.up.edu.pe\/nubes\/wp-json\/wp\/v2\/comments?post=666"}],"version-history":[{"count":1,"href":"https:\/\/blogs.up.edu.pe\/nubes\/wp-json\/wp\/v2\/pages\/666\/revisions"}],"predecessor-version":[{"id":667,"href":"https:\/\/blogs.up.edu.pe\/nubes\/wp-json\/wp\/v2\/pages\/666\/revisions\/667"}],"up":[{"embeddable":true,"href":"https:\/\/blogs.up.edu.pe\/nubes\/wp-json\/wp\/v2\/pages\/632"}],"wp:attachment":[{"href":"https:\/\/blogs.up.edu.pe\/nubes\/wp-json\/wp\/v2\/media?parent=666"}],"curies":[{"name":"wp","href":"https:\/\/api.w.org\/{rel}","templated":true}]}}