{"id":511,"date":"2012-06-16T16:15:38","date_gmt":"2012-06-16T16:15:38","guid":{"rendered":"https:\/\/blogs.up.edu.pe\/nubes\/\/?page_id=511"},"modified":"2012-06-16T16:15:38","modified_gmt":"2012-06-16T16:15:38","slug":"%e2%80%9cla-autopista-del-sur%e2%80%9d-de-julio-cortazar-por-lia-alexandra-adrianzen","status":"publish","type":"page","link":"https:\/\/blogs.up.edu.pe\/nubes\/trabajos\/trabajos-finales-ciclo-de-otono-2012\/%e2%80%9cla-autopista-del-sur%e2%80%9d-de-julio-cortazar-por-lia-alexandra-adrianzen\/","title":{"rendered":"\u201cLa autopista del sur\u201d de Julio Cort\u00e1zar, por Lia Alexandra Adrianz\u00e9n"},"content":{"rendered":"<p>Este cuento narra acerca de un grupo de automovilistas que viajan hacia Par\u00eds un d\u00eda muy soleado y quedan atorados en un gran embotellamiento. Ante el desconcierto y la falta de informaci\u00f3n de alguna autoridad, se empiezan a formar peque\u00f1as sociedades entre las personas. El personaje principal de la historia es un ingeniero que manejaba un Peugeot 404, quien empieza a organizarse junto a los autos m\u00e1s cercanos al suyo. Cabe resaltar que se trata de una narraci\u00f3n en tercera persona donde el narrador es omnisciente y no hay muchos di\u00e1logos; y que las personas son llamadas por los autos que poseen.<\/p>\n<p>Podemos encontrar un grupo muy diverso, con personas de diferentes personalidades y edades, hay familias con ni\u00f1os, parejas, ancianos, j\u00f3venes, monjas etc. Los miembros de esta peque\u00f1a comunidad logran juntar sus alimentos y agua y ayudarse entre ellos. Sin embargo, conforme van pasando los d\u00edas, en los cuales sus carros avanzan unos cuantos metros, y van escaseando sus v\u00edveres, se ven en la necesidad de interactuar con otras peque\u00f1as sociedades tambi\u00e9n formadas por el atasco. As\u00ed vemos originado el comercio, que m\u00e1s adelante da cabida a un mercado negro ya que los campesinos y gente que viv\u00eda al borde de la carretera no les quer\u00edan vender nada pensando que eran del gobierno.<\/p>\n<p>Se originan tambi\u00e9n lazos entre los personajes, como la relaci\u00f3n entre la muchacha del Dauphine y el ingeniero del Peugeot, el cual llega al punto de hacer planes con ella para cuando salgan de ah\u00ed. Al interactuar por ese tiempo hay un cierto aprecio entre todos los \u201cvecinos\u201d y ya tienen hasta una rutina diaria. Suceden tambi\u00e9n hechos lamentables, como la muerte de la anciana del Citroen violeta y el suicidio del hombre del Caravelle.<\/p>\n<p>Finalmente la historia acaba cuando una ma\u00f1ana y sin previo aviso, los autos empiezan a avanzar m\u00e1s que solo unos metros. Al parecer se acabo el embotellamiento y por fin podr\u00e1n irse a casa. El ingeniero maneja con todos sus \u201cvecinos\u201d alrededor y en especial con la muchacha del Dauphine al lado pero conforme van avanzando pierde a todos de vista. Maneja solo neg\u00e1ndose a aceptar que todo acabo y cada uno se dedica a ver de frente a su camino.<\/p>\n<p>Eleg\u00ed este relato porque me agrad\u00f3 mucho, la historia es algo larga y uno puede llegar a enredarse con tantos personajes y sus autos, pero la lectura es ligera y con un lenguaje simple. Muestra una met\u00e1fora de la sociedad actual incre\u00edble, con situaciones y problemas que vemos y vivimos d\u00eda a d\u00eda, como la interacci\u00f3n con gente distinta a nosotros, la organizaci\u00f3n de nuestra sociedad, problemas de corrupci\u00f3n o violencia, etc. Y con personajes muy humanos con los que nos podemos identificar.<\/p>\n","protected":false},"excerpt":{"rendered":"<p>Este cuento narra acerca de un grupo de automovilistas que viajan hacia Par\u00eds un d\u00eda muy soleado y quedan atorados en un gran embotellamiento. Ante el desconcierto y la falta de informaci\u00f3n de alguna autoridad, se empiezan a formar peque\u00f1as &hellip; <a href=\"https:\/\/blogs.up.edu.pe\/nubes\/trabajos\/trabajos-finales-ciclo-de-otono-2012\/%e2%80%9cla-autopista-del-sur%e2%80%9d-de-julio-cortazar-por-lia-alexandra-adrianzen\/\">Sigue leyendo <span class=\"meta-nav\">&rarr;<\/span><\/a><\/p>\n","protected":false},"author":3,"featured_media":0,"parent":465,"menu_order":11,"comment_status":"closed","ping_status":"closed","template":"","meta":{"footnotes":""},"class_list":["post-511","page","type-page","status-publish","hentry"],"_links":{"self":[{"href":"https:\/\/blogs.up.edu.pe\/nubes\/wp-json\/wp\/v2\/pages\/511","targetHints":{"allow":["GET"]}}],"collection":[{"href":"https:\/\/blogs.up.edu.pe\/nubes\/wp-json\/wp\/v2\/pages"}],"about":[{"href":"https:\/\/blogs.up.edu.pe\/nubes\/wp-json\/wp\/v2\/types\/page"}],"author":[{"embeddable":true,"href":"https:\/\/blogs.up.edu.pe\/nubes\/wp-json\/wp\/v2\/users\/3"}],"replies":[{"embeddable":true,"href":"https:\/\/blogs.up.edu.pe\/nubes\/wp-json\/wp\/v2\/comments?post=511"}],"version-history":[{"count":1,"href":"https:\/\/blogs.up.edu.pe\/nubes\/wp-json\/wp\/v2\/pages\/511\/revisions"}],"predecessor-version":[{"id":512,"href":"https:\/\/blogs.up.edu.pe\/nubes\/wp-json\/wp\/v2\/pages\/511\/revisions\/512"}],"up":[{"embeddable":true,"href":"https:\/\/blogs.up.edu.pe\/nubes\/wp-json\/wp\/v2\/pages\/465"}],"wp:attachment":[{"href":"https:\/\/blogs.up.edu.pe\/nubes\/wp-json\/wp\/v2\/media?parent=511"}],"curies":[{"name":"wp","href":"https:\/\/api.w.org\/{rel}","templated":true}]}}