{"id":320,"date":"2012-03-29T22:22:37","date_gmt":"2012-03-29T22:22:37","guid":{"rendered":"https:\/\/blogs.up.edu.pe\/nubes\/\/?page_id=320"},"modified":"2012-06-28T18:48:55","modified_gmt":"2012-06-28T18:48:55","slug":"isaac-asimov-por-jaime-yepez","status":"publish","type":"page","link":"https:\/\/blogs.up.edu.pe\/nubes\/trabajos\/trabajos-finales-ciclo-de-verano-2012\/isaac-asimov-por-jaime-yepez\/","title":{"rendered":"Isaac Asimov, por Jaime Y\u00e9pez"},"content":{"rendered":"<p align=\"RIGHT\"><em><strong>Jaime Y\u00e9pez particip\u00f3 en el club en el ciclo Verano 2012<\/strong><\/em><\/p>\n<p align=\"JUSTIFY\">El post lo har\u00e9 sobre el escritor ruso-estadounidense Isaac Asimov, no solo porque el g\u00e9nero de ciencia ficci\u00f3n es el que m\u00e1s me agrada, sino porque \u201cSue\u00f1os de robot\u201d junto con el cuento de Sherlock Homes fueron las lecturas que m\u00e1s me agradaron. Por \u00faltimo, quiero destacar que <em>Yo Robot<\/em>, interpretada por Will Smith es una de mis pel\u00edculas favoritas.<\/p>\n<p align=\"JUSTIFY\">Asimov, junto con Robert Heinlein y Arthur C. Clarke, fue considerado como uno de los tres grandes escritores de ciencia ficci\u00f3n. Como coment\u00e9 en un inicio, Asimov naci\u00f3 en Rusia, sin embargo se mud\u00f3 a los Estados Unidos cuando tan solo ten\u00eda tres a\u00f1os de edad.<\/p>\n<p align=\"JUSTIFY\">A Asimov le gustaba la ciencia ficci\u00f3n desde muy peque\u00f1o, cuando le\u00eda desde las distintas tiendas que su padre arrendaba en Brooklyn.<\/p>\n<p align=\"JUSTIFY\">A la par de su gusto por la ciencia ficci\u00f3n tambi\u00e9n le motivaba el estudio de la ciencia, por ello se logr\u00f3 graduar como bioqu\u00edmico en la Universidad de Columbia. Una vez egresado de dicha casa de estudios, tom\u00f3 un trabajo como investigador qu\u00edmico en los astilleros de la marina de guerra estadounidense, donde se logra quedar hasta finalizada la segunda guerra mundial, para regresar a culminar un doctorado en qu\u00edmica.<\/p>\n<p align=\"JUSTIFY\">Como parte de esta peque\u00f1a biograf\u00eda se sabe el amplio conocimiento de Asimov en ciencia lo que queda demostrado en sus novelas debido al lenguaje usado, el cual es, en algunos casos, dif\u00edcil de entender para personas que no posean conocimientos cient\u00edficos.<\/p>\n<p align=\"JUSTIFY\">Asimismo, se puede observar que en sus novelas usa mucho el racionalismo debido a que \u00e9l pensaba que todo se explicaba por una causa cient\u00edfica. Tambi\u00e9n se puede destacar que Asimov fue un futurista, que se adelant\u00f3 a su \u00e9poca y ve\u00eda c\u00f3mo la ciencia y la tecnolog\u00eda lograr\u00edan un avance indiscutible.<\/p>\n<p align=\"JUSTIFY\">A pesar de que en su \u00e9poca todav\u00eda no exist\u00eda internet, en una entrevista Asimov describe c\u00f3mo concibe la educaci\u00f3n del futuro, donde cada persona tendr\u00e1 un ordenador personal que estar\u00e1 conectado a una gran biblioteca, la cual podr\u00e1 contestarle todas sus preguntas. En la actualidad tenemos internet y con el dispositivo de reconocimiento de voz nos estamos acercando a la realidad que nos comenta Asimov.<\/p>\n<p align=\"JUSTIFY\">Por otro lado, la rob\u00f3tica est\u00e1 avanzando a pasos enormes por lo que es muy probable que dentro de poco tengamos robots obedeciendo las tres leyes. Al igual que Steve Jobs, Isaac Asimov fue un visionario que ve\u00eda el futuro en el presente, pero a diferencia de Steve Jobs \u00e9l escrib\u00eda esas visiones, Jobs las trat\u00f3 de hacer posibles.<\/p>\n<p align=\"JUSTIFY\">En sus cuentos se ve una visi\u00f3n futurista de la sociedad donde el ser humano ya no siempre es la figura principal de la obra, un lenguaje muy sofisticado de ingenier\u00eda, qu\u00edmica y f\u00edsica, sino tambi\u00e9n sus creencias religiosas como el ate\u00edsmo y la burla a todo lo que no se puede explicar con hechos cient\u00edficos.<\/p>\n<p align=\"JUSTIFY\">Otro hecho importante de la vida de Asimov fue parte del lenguaje que \u00e9l usaba en sus cuentos; llegaron a ser usadas en la vida real palabras como positr\u00f3nico, psicohistoria y rob\u00f3tica.<\/p>\n<p align=\"JUSTIFY\">Algo que me pareci\u00f3 muy interesante por parte de Asimov fue la publicaci\u00f3n de la <em>Gu\u00eda Asimov para la Biblia<\/em>, dos vol\u00famenes que comprenden el Antiguo y el Nuevo Testamentos. Esta gu\u00eda explica los or\u00edgenes de la historia de cada libro de la Biblia, las influencias pol\u00edticas que les hab\u00edan afectado, como informaci\u00f3n biogr\u00e1fica de importantes personajes.<\/p>\n","protected":false},"excerpt":{"rendered":"<p>Jaime Y\u00e9pez particip\u00f3 en el club en el ciclo Verano 2012 El post lo har\u00e9 sobre el escritor ruso-estadounidense Isaac Asimov, no solo porque el g\u00e9nero de ciencia ficci\u00f3n es el que m\u00e1s me agrada, sino porque \u201cSue\u00f1os de robot\u201d &hellip; <a href=\"https:\/\/blogs.up.edu.pe\/nubes\/trabajos\/trabajos-finales-ciclo-de-verano-2012\/isaac-asimov-por-jaime-yepez\/\">Sigue leyendo <span class=\"meta-nav\">&rarr;<\/span><\/a><\/p>\n","protected":false},"author":3,"featured_media":0,"parent":271,"menu_order":14,"comment_status":"closed","ping_status":"closed","template":"","meta":{"footnotes":""},"class_list":["post-320","page","type-page","status-publish","hentry"],"_links":{"self":[{"href":"https:\/\/blogs.up.edu.pe\/nubes\/wp-json\/wp\/v2\/pages\/320","targetHints":{"allow":["GET"]}}],"collection":[{"href":"https:\/\/blogs.up.edu.pe\/nubes\/wp-json\/wp\/v2\/pages"}],"about":[{"href":"https:\/\/blogs.up.edu.pe\/nubes\/wp-json\/wp\/v2\/types\/page"}],"author":[{"embeddable":true,"href":"https:\/\/blogs.up.edu.pe\/nubes\/wp-json\/wp\/v2\/users\/3"}],"replies":[{"embeddable":true,"href":"https:\/\/blogs.up.edu.pe\/nubes\/wp-json\/wp\/v2\/comments?post=320"}],"version-history":[{"count":4,"href":"https:\/\/blogs.up.edu.pe\/nubes\/wp-json\/wp\/v2\/pages\/320\/revisions"}],"predecessor-version":[{"id":553,"href":"https:\/\/blogs.up.edu.pe\/nubes\/wp-json\/wp\/v2\/pages\/320\/revisions\/553"}],"up":[{"embeddable":true,"href":"https:\/\/blogs.up.edu.pe\/nubes\/wp-json\/wp\/v2\/pages\/271"}],"wp:attachment":[{"href":"https:\/\/blogs.up.edu.pe\/nubes\/wp-json\/wp\/v2\/media?parent=320"}],"curies":[{"name":"wp","href":"https:\/\/api.w.org\/{rel}","templated":true}]}}