{"id":295,"date":"2012-03-29T21:00:11","date_gmt":"2012-03-29T21:00:11","guid":{"rendered":"https:\/\/blogs.up.edu.pe\/nubes\/\/?page_id=295"},"modified":"2012-06-28T18:47:41","modified_gmt":"2012-06-28T18:47:41","slug":"%e2%80%9cun-dia-de-estos%e2%80%9d-de-garcia-marquez-%e2%80%9cel-pozo-y-el-pendulo%e2%80%9d-de-poe-y-%e2%80%9cla-insignia%e2%80%9d-de-ribeyro-por-luciana-hernandez-pacheco","status":"publish","type":"page","link":"https:\/\/blogs.up.edu.pe\/nubes\/trabajos\/trabajos-finales-ciclo-de-verano-2012\/%e2%80%9cun-dia-de-estos%e2%80%9d-de-garcia-marquez-%e2%80%9cel-pozo-y-el-pendulo%e2%80%9d-de-poe-y-%e2%80%9cla-insignia%e2%80%9d-de-ribeyro-por-luciana-hernandez-pacheco\/","title":{"rendered":"\u201cUn d\u00eda de estos\u201d de Garc\u00eda M\u00e1rquez, \u201cEl pozo y el p\u00e9ndulo\u201d de Poe y \u201cLa insignia\u201d de Ribeyro, por Luciana Hern\u00e1ndez Pacheco"},"content":{"rendered":"<p style=\"text-align: right;\" align=\"JUSTIFY\"><em><strong>Luciana Hern\u00e1ndez Pacheco particip\u00f3 en el club en el ciclo Verano 2012<\/strong><\/em><\/p>\n<p align=\"JUSTIFY\">El cuento \u201cUn d\u00eda de estos\u201d de Gabriel Garc\u00eda M\u00e1rquez es la lectura que m\u00e1s me gust\u00f3 porque me sorprendi\u00f3 que una lectura tan peque\u00f1a pueda tener tanto significado y tanta ense\u00f1anza, si bien al principio pensaba que la parte principal o la parte clave de la lectura estaba en la parte final de esta cuando el alcalde dice: \u201cMe pasa la cuenta\u201d; el dentista le pregunta: \u201c\u00bfA usted o al municipio?\u201d y el alcalde responde: \u201cEs la misma vaina\u201d. Sin embargo, la parte principal del cuento se encontraba cuando el dentista le va extraer la muela al alcalde sin anestesia y le dice: \u201dAqu\u00ed nos paga veinte muertos, teniente\u201d, ya que el dentista se estar\u00eda vengando de todos los abusos que se cometieron con ellos. Es por eso que utiliza la palabra \u201cteniente\u201d y no alcalde en ese momento, adem\u00e1s de la corrupci\u00f3n y el robo que en casi todos, por no decir todos, los municipios y gobiernos se encuentran o existen, por eso es lo mismo decir que el alcalde o el municipio lo paga porque el alcalde siempre roba del municipio.<\/p>\n<p align=\"JUSTIFY\">Otra lectura que me gust\u00f3 bastante fue la de terror (que para mi m\u00e1s fue suspenso): \u201cEl pozo y el p\u00e9ndulo\u201d de Edgar Allan Poe. Me gust\u00f3 mucho porque me hizo recordar cosas que yo he sentido, como el pensar en la muerte, ese sentimiento que invade todo el cuerpo al pensar qu\u00e9 pasar\u00e1 cuando muera, a d\u00f3nde me ir\u00e9, si bien mi cuerpo desaparecer\u00e1 con el tiempo, d\u00f3nde se ir\u00e1 mi alma, lo que siento, si podr\u00e9 ver o no a mis familiares, si me quedar\u00e9 en el viento observando todo o si simplemente soy como una m\u00e1quina que se malogr\u00f3 y termin\u00f3 su funci\u00f3n y ya no vuelve a existir m\u00e1s. Muchas veces me he puesto ha pensar en eso y me ha dado mucho miedo y a la vez curiosidad de saber qu\u00e9 pasar\u00eda. Adem\u00e1s, es sorprendente c\u00f3mo uno se aferra a la vida a pesar de que en alg\u00fan momento puede parecer ya no haber esperanzas, as\u00ed como en el cuento, el personaje ya estaba sentenciado por la Inquisici\u00f3n, que fue tan salvaje, cuel y sanguinaria para matar, que uno piensa que de todas maneras iba a morir, que no hab\u00eda forma de que pudiera salvarse, sin embargo \u00e9l se aferr\u00f3 a la vida e hizo varias cosas para que no lo mataran, luch\u00f3 hasta el final por su vida contra alguien que era imposible vencer, la Inquisici\u00f3n, y en un momento hasta quienes pens\u00f3 que eran sus enemigas, que lo matar\u00edan, que se lo iban a comer, las ratas, fueron quienes lo ayudaron mordiendo la soga que lo ten\u00eda amarrado y son ellas quienes le salvan la vida, ni \u00e9l pod\u00eda creer eso. En ese momento tiene un encuentro de sentimientos de que ya no se salvaba, de que hab\u00eda llegado su hora, luego de que las ratas no se lo comen, de que puede salir de eso y al final as\u00ed es, porque termina la guerra y lo rescatan y el valor que tuvo vali\u00f3 la pena, el no rendirse, el luchar por su vida, aferrarse a ella, todo, absolutamente todo vali\u00f3 la pena.<\/p>\n<p align=\"JUSTIFY\">La \u00faltima lectura que fue m\u00e1s de mi agrado es \u201cLa insignia\u201d de Ribeyro, porque lo he visto en muchos casos cercanos, donde avanzas en la vida y no sabes ni qu\u00e9 es lo que est\u00e1s haciendo, muchos amigos que estudian y son buenos pero sin embargo no es lo que quieren y al final no le encuentran ning\u00fan sentido a eso, hasta personas con mucho dinero, pero vac\u00edas que no saben ni por qu\u00e9 est\u00e1n donde est\u00e1n, que ni siquiera disfrutan de lo que hacen y lo siguen haciendo porque es lo que les da fortuna, una buena posici\u00f3n social, pero no se sienten felices con eso; tambi\u00e9n me hizo recordar a los que se hacen llamar \u201cpastores\u201d, porque jalan a m\u00e1s personas a que los sigan y predican y hablan cosas bonitas, pero ni ellos saben lo que dicen, solo es un libreto estudiado y que saben que convence gente y que as\u00ed m\u00e1s personas vendr\u00e1n y los seguir\u00e1n y, por ende, m\u00e1s plata recibir\u00e1n cuando pidan las colaboraciones. Quiz\u00e1 no todos son iguales, pero despu\u00e9s de ver en el peri\u00f3dico un anuncio de: \u201cse necesita socio para que sea pastor y tendr\u00e1 buen ingreso\u201d, me sorprendi\u00f3 y a la vez me termin\u00e9 de convencer de que en muchos casos estafan a las personas que por sus problemas y cosas que les pasan buscan refugiarse en algo y aferrarse a algo como ellos, y al final les terminan sacando bastante dinero. Quiz\u00e1 a las personas les ayuden y les hagan sentir mejor, pero el fin del \u201cpastor\u201d solo es ganar y no el bienestar emocional de sus seguidores.<\/p>\n<p align=\"JUSTIFY\">Siento que cada lectura me ha ayudado para recordarme o ense\u00f1arme m\u00e1s de la realidad, del pasado y de lo que podr\u00eda ser el futuro en muchos casos, si no tomamos conciencia y me gusta terminar el para-acad\u00e9mico sintiendo que no solo fue leer y leer sino que aprend\u00ed y que tengo un compromiso tanto conmigo misma como con los dem\u00e1s.<\/p>\n","protected":false},"excerpt":{"rendered":"<p>Luciana Hern\u00e1ndez Pacheco particip\u00f3 en el club en el ciclo Verano 2012 El cuento \u201cUn d\u00eda de estos\u201d de Gabriel Garc\u00eda M\u00e1rquez es la lectura que m\u00e1s me gust\u00f3 porque me sorprendi\u00f3 que una lectura tan peque\u00f1a pueda tener tanto &hellip; <a href=\"https:\/\/blogs.up.edu.pe\/nubes\/trabajos\/trabajos-finales-ciclo-de-verano-2012\/%e2%80%9cun-dia-de-estos%e2%80%9d-de-garcia-marquez-%e2%80%9cel-pozo-y-el-pendulo%e2%80%9d-de-poe-y-%e2%80%9cla-insignia%e2%80%9d-de-ribeyro-por-luciana-hernandez-pacheco\/\">Sigue leyendo <span class=\"meta-nav\">&rarr;<\/span><\/a><\/p>\n","protected":false},"author":3,"featured_media":0,"parent":271,"menu_order":8,"comment_status":"closed","ping_status":"closed","template":"","meta":{"footnotes":""},"class_list":["post-295","page","type-page","status-publish","hentry"],"_links":{"self":[{"href":"https:\/\/blogs.up.edu.pe\/nubes\/wp-json\/wp\/v2\/pages\/295","targetHints":{"allow":["GET"]}}],"collection":[{"href":"https:\/\/blogs.up.edu.pe\/nubes\/wp-json\/wp\/v2\/pages"}],"about":[{"href":"https:\/\/blogs.up.edu.pe\/nubes\/wp-json\/wp\/v2\/types\/page"}],"author":[{"embeddable":true,"href":"https:\/\/blogs.up.edu.pe\/nubes\/wp-json\/wp\/v2\/users\/3"}],"replies":[{"embeddable":true,"href":"https:\/\/blogs.up.edu.pe\/nubes\/wp-json\/wp\/v2\/comments?post=295"}],"version-history":[{"count":5,"href":"https:\/\/blogs.up.edu.pe\/nubes\/wp-json\/wp\/v2\/pages\/295\/revisions"}],"predecessor-version":[{"id":550,"href":"https:\/\/blogs.up.edu.pe\/nubes\/wp-json\/wp\/v2\/pages\/295\/revisions\/550"}],"up":[{"embeddable":true,"href":"https:\/\/blogs.up.edu.pe\/nubes\/wp-json\/wp\/v2\/pages\/271"}],"wp:attachment":[{"href":"https:\/\/blogs.up.edu.pe\/nubes\/wp-json\/wp\/v2\/media?parent=295"}],"curies":[{"name":"wp","href":"https:\/\/api.w.org\/{rel}","templated":true}]}}