{"id":288,"date":"2012-03-29T19:22:07","date_gmt":"2012-03-29T19:22:07","guid":{"rendered":"https:\/\/blogs.up.edu.pe\/nubes\/\/?page_id=288"},"modified":"2012-06-28T18:49:18","modified_gmt":"2012-06-28T18:49:18","slug":"lecturas-del-curso-por-vanessa-dongo-de-pierola","status":"publish","type":"page","link":"https:\/\/blogs.up.edu.pe\/nubes\/trabajos\/trabajos-finales-ciclo-de-verano-2012\/lecturas-del-curso-por-vanessa-dongo-de-pierola\/","title":{"rendered":"Lecturas del curso, por Vanessa Dongo de Pi\u00e9rola"},"content":{"rendered":"<p style=\"text-align: right;\"><em><strong>Vanessa Dongo de Pi\u00e9rola particip\u00f3 en el club en el ciclo Verano 2012<\/strong><\/em><\/p>\n<p style=\"text-align: justify;\">La primera semana, al leer cuentos que pertenec\u00edan al naturalismo, ambos tocaban el tema de la muerte y c\u00f3mo los sentimientos que esta causa difieren de persona a persona. En el caso de \u201cUna vendetta\u201d de Guy de Maupassant, podemos ver a una anciana que est\u00e1 curada por la muerte, es la segunda persona que fallece en su vida. Ya pas\u00f3 por la experiencia de la muerte de su marido y no demuestra dolor ante la de su hijo. La venganza es una forma de desahogo de las dos grandes p\u00e9rdidas, la forma m\u00e1s cruel pero para ella la m\u00e1s efectiva. Se centra en su objetivo, sin darse cuenta de los medios para llegar a su tranquilidad. En cambio, en el cuento \u201cLa tristeza\u201d de Chejov, podemos observar otra clase de sentimientos, un anciano que necesita ser escuchado y consolado, pero nadie le da importancia. Se centra en que la compa\u00f1\u00eda de su hijo era todo y ahora se siente solo en el mundo. Despu\u00e9s de un arduo esfuerzo de buscar compa\u00f1\u00eda y no encontrarla, termina d\u00e1ndose cuenta de que no estaba completamente solo. Ten\u00eda un compa\u00f1ero que estuvo siempre a su lado, el caballo. Ambos cuentos muestran una realidad que todos pasamos en un momento de nuestras vidas: puede ser a causa de una amigo, familiar o ser querido; nunca se sabe c\u00f3mo uno va a reaccionar, con tristeza o rabia, pero siempre terminamos heridos por una causa que sale de nuestras manos y se acepta por ser parte del curso de nuestras vidas.<\/p>\n<p style=\"text-align: justify;\">Cuando le\u00edmos lecturas del g\u00e9nero terror\u00edfico no me produjeron miedo pero s\u00ed me sorprendieron las actitudes que tomaban los personajes en esas situaciones. Tal vez porque nuestra generaci\u00f3n est\u00e1 acostumbrada a ver terror en im\u00e1genes en el cine o la televisi\u00f3n. \u201cEl pozo y el p\u00e9ndulo\u201d de Edgar Allan Poe, me pareci\u00f3 una historia muy bien redactada, la descripci\u00f3n del pozo es extremadamente detallada, la sensaciones del personaje se trasmiten de tal modo que da la impresi\u00f3n de estar presente en la escena. Es incre\u00edble c\u00f3mo pudo soportar y salvarse de esas torturas; cualquier ser humano se hubiera dejado llevar pero \u00e9l lucho hasta el final. Gran valent\u00eda en escenarios tan violentos y desagradables. \u201cDag\u00f3n\u201d de H. P. Lovecraft no me produjo terror ya que no se sabe si la persona que relata la historia vive en realidad eso o solo fue un sue\u00f1o. Es una escena que atormenta al personaje y lo hace verse loco, ya que las causas de sus visiones, no se sabe si tienen justificaci\u00f3n. La historia relata como \u00e9l se siente en el lugar en que se encuentra y la parte que deber\u00eda causar terror es muy breve.<\/p>\n<p style=\"text-align: justify;\">Al leer ciencia ficci\u00f3n vimos dos momentos distintitos: el futuro a mediano y a largo plazo. Fueron relatos divertidos, entretenidos e interesantes. En el cuento \u201cSue\u00f1os de robot\u201d (Isaac Asimov), la redacci\u00f3n te deja en suspenso de lo que pueda ocurrir al final, no se sabe si destruyen o no al robot. Menciona un tema interesante: tecnolog\u00eda, c\u00f3mo el ser humano tiene en cierto modo miedo a ser reemplazo por un aparato creado por \u00e9l: el robot, a semejanza de \u00e9l, con cualidades humanas. Luego, \u201cViaje vig\u00e9simo tercero\u201d (S. Lem) muestra una realidad completamente distinta a la nuestra. El aparato me pareci\u00f3 muy curioso pero a la vez fantasioso y riesgoso.<\/p>\n<p style=\"text-align: justify;\">Despu\u00e9s, le\u00edmos cuentos latinoamericanos \u201cUn d\u00eda de estos\u201d de Gabriel Garc\u00eda M\u00e1rquez fue un relato corto y entretenido, Don Aurelio Escobar al principio no quer\u00eda atender al alcalde ya que estaba concentrado, totalmente metido en los quehaceres de su rutina y cuando lo hace es porque se encuentra amenazado, por obligaci\u00f3n. Haciendo sufrir al alcalde, la narraci\u00f3n del relatado es tan detallada, que se puede sentir el dolor que le causaba. Todo el proceso lo hace de mala gana, no le ca\u00eda el alcalde y se desquita con \u00e9l al momento de sacarle la muela. Pero el alcalde en ning\u00fan momento se queja, le pudieron salir l\u00e1grimas pero todo el tiempo se contiene ante el dolor y a final es fresco al responder a Don Aurelio que cobrarle a \u00e9l o al municipio es lo mismo. El dentista ten\u00eda razones para tratarlo de esa manera.<\/p>\n<p style=\"text-align: justify;\">Por \u00faltimo, al leer la literatura peruana, \u201cLa insignia\u201d de Julio Ram\u00f3n Ribeyro, me pareci\u00f3 un relato entretenido, desde el principio se nota que se mete en algo extra\u00f1o de lo cual se ve\u00eda dif\u00edcil de salir. Fue as\u00ed que la secta le da muchos beneficios y le impide retirarse, pero nunca se sabe con claridad de qu\u00e9 se trataba. \u00c9l hace todo lo que le ordenan sin importarle de qu\u00e9 se trata; sigue un camino de puras \u00f3rdenes y por suerte consigue cosas que muchos desear\u00edamos. En\u00a0\u201cEl Hijo Solo\u201d de Jos\u00e9 Mar\u00eda Arguedas, se ve un poco exagerado el cari\u00f1o que el personaje le tiene al perro; se lo encuentra y crea una historia de su procedencia, bastante fant\u00e1stica. Lo llega a querer como si fuera su hijo, y era un animal que se le cruza en el camino. Tan grande es lo que siente hacia \u00e9l que lo trata de rescatar desesperadamente, a tal punto que arriesga su propia vida y luego se dedica a vengarse de aquellos que trataron de matar al perro.\u00a0Finalmente, \u201cAnorexia y tijerita\u201d de Alfredo Bryce Echenique, fue una historia divertida, dando como moraleja: uno nunca sabe lo que tiene al costado. Podemos suponer muchas cosas pero la realidad es distinta. Se puede ocultar, mentir pero la conciencia siempre est\u00e1 ah\u00ed dici\u00e9ndonos la verdad. Todos tenemos cosas buenas y malas, no se pueden determinar, depende del punto de vista de cada uno, pero hay gente que comete muchos errores y es perdonada injustamente. Todos los cuentos le\u00eddos en el curso fueron entretenidos, sobre distintos g\u00e9neros y \u00e9pocas, pudimos ver c\u00f3mo la literatura puede ser tan divertida como ver una pel\u00edcula, hasta m\u00e1s, ya que uno crea la imagen de los escenarios y personajes con ayuda de las narraciones; desarrolla nuestra imaginaci\u00f3n. Algo que muchas veces dejamos de lado al estar frente a una pantalla.<\/p>\n","protected":false},"excerpt":{"rendered":"<p>Vanessa Dongo de Pi\u00e9rola particip\u00f3 en el club en el ciclo Verano 2012 La primera semana, al leer cuentos que pertenec\u00edan al naturalismo, ambos tocaban el tema de la muerte y c\u00f3mo los sentimientos que esta causa difieren de persona &hellip; <a href=\"https:\/\/blogs.up.edu.pe\/nubes\/trabajos\/trabajos-finales-ciclo-de-verano-2012\/lecturas-del-curso-por-vanessa-dongo-de-pierola\/\">Sigue leyendo <span class=\"meta-nav\">&rarr;<\/span><\/a><\/p>\n","protected":false},"author":3,"featured_media":0,"parent":271,"menu_order":6,"comment_status":"closed","ping_status":"closed","template":"","meta":{"footnotes":""},"class_list":["post-288","page","type-page","status-publish","hentry"],"_links":{"self":[{"href":"https:\/\/blogs.up.edu.pe\/nubes\/wp-json\/wp\/v2\/pages\/288","targetHints":{"allow":["GET"]}}],"collection":[{"href":"https:\/\/blogs.up.edu.pe\/nubes\/wp-json\/wp\/v2\/pages"}],"about":[{"href":"https:\/\/blogs.up.edu.pe\/nubes\/wp-json\/wp\/v2\/types\/page"}],"author":[{"embeddable":true,"href":"https:\/\/blogs.up.edu.pe\/nubes\/wp-json\/wp\/v2\/users\/3"}],"replies":[{"embeddable":true,"href":"https:\/\/blogs.up.edu.pe\/nubes\/wp-json\/wp\/v2\/comments?post=288"}],"version-history":[{"count":4,"href":"https:\/\/blogs.up.edu.pe\/nubes\/wp-json\/wp\/v2\/pages\/288\/revisions"}],"predecessor-version":[{"id":554,"href":"https:\/\/blogs.up.edu.pe\/nubes\/wp-json\/wp\/v2\/pages\/288\/revisions\/554"}],"up":[{"embeddable":true,"href":"https:\/\/blogs.up.edu.pe\/nubes\/wp-json\/wp\/v2\/pages\/271"}],"wp:attachment":[{"href":"https:\/\/blogs.up.edu.pe\/nubes\/wp-json\/wp\/v2\/media?parent=288"}],"curies":[{"name":"wp","href":"https:\/\/api.w.org\/{rel}","templated":true}]}}