{"id":268,"date":"2012-03-29T18:06:56","date_gmt":"2012-03-29T18:06:56","guid":{"rendered":"https:\/\/blogs.up.edu.pe\/nubes\/\/?page_id=268"},"modified":"2012-04-16T12:04:30","modified_gmt":"2012-04-16T12:04:30","slug":"juan-rulfo-1917-1986-por-alexander-camayoc","status":"publish","type":"page","link":"https:\/\/blogs.up.edu.pe\/nubes\/trabajos\/trabajos-finales-ciclo-de-verano-2012\/juan-rulfo-1917-1986-por-alexander-camayoc\/","title":{"rendered":"Juan Rulfo (1917-1986), por Alexander Camayoc"},"content":{"rendered":"<p align=\"RIGHT\"><em><strong>Alexander Camayoc particip\u00f3 en el club en el ciclo Verano 2012<\/strong><\/em><\/p>\n<p align=\"JUSTIFY\">Juan Rulfo fue un escritor mexicano, nacido en Apulco, localidad cercana a San Gabriel, Jalisco (M\u00e9xico). Durante su infancia y juventud sufri\u00f3 las consecuencias de las luchas cristeras (entre el gobierno y la Iglesia), las cuales influyeron en sus futuras producciones literarias.<\/p>\n<p align=\"JUSTIFY\">Al terminar su educaci\u00f3n secundaria intent\u00f3 continuar su educaci\u00f3n superior postulando a la Universidad de Guadalajara, aunque no lo logr\u00f3 pues esta se encontraba en un conflicto. Sin embargo, asisti\u00f3 de oyente al Colegio de San Ildefonso. Para 1934 comienza a escribir sus primeras elaboraciones literarias, adem\u00e1s de colaborar en la revista Am\u00e9rica.<\/p>\n<p align=\"JUSTIFY\">En 1946 el narrador ampliar\u00eda la gama de su expresividad art\u00edstica dedic\u00e1ndose tambi\u00e9n a la fotograf\u00eda. Adem\u00e1s era aficionado al cine y trabaj\u00f3 como guionista en varias producciones cinematogr\u00e1ficas.<\/p>\n<p align=\"JUSTIFY\">Entre sus producciones literarias se encuentran: <em>El llano en llamas<\/em> (1953) que es el resultado de una recopilaci\u00f3n de los cuentos escritos como colaboraciones para las revistas <em>Pan <\/em>y <em>Am\u00e9rica<\/em>, entre otras; <em>Pedro P\u00e1ramo <\/em>(1955) es su primera novela, con la que obtiene diferentes premios literarios y distinciones internacionales; \u201c\u00a1Diles que no me maten!\u201d (1960) es un cuento con todas las caracter\u00edsticas de la obra de Rulfo; <em>El gallo de oro <\/em>(1980) es su segunda novela, escrita entre 1956 y 1958, adem\u00e1s de ser adaptada al cine en cuatro ocasiones antes de su publicaci\u00f3n oficial.<\/p>\n<p align=\"JUSTIFY\">Juan Rulfo es uno de los escritores de mayor prestigio del siglo XX. Pertenece al grupo de escritores llamado \u201cgeneraci\u00f3n del 50\u201d o \u201cgeneraci\u00f3n del medio siglo\u201d, la cual represent\u00f3 una \u00e9poca de cambios hacia la modernidad en M\u00e9xico y la proliferaci\u00f3n de opiniones sobre de temas pol\u00edticos, filos\u00f3ficos, econ\u00f3micos y culturales.<\/p>\n<p align=\"JUSTIFY\">Rulfo es un importante representante esta ola ideol\u00f3gica que deja ver una faceta escondida de ese M\u00e9xico que se alejaba del presente y los tiempos modernos. Con un estilo literario caracter\u00edstico e individual, Rulfo trataba temas socioculturales que se viv\u00edan en algunos pueblos del M\u00e9xico de ese entonces.<\/p>\n<p align=\"JUSTIFY\">Perteneciente tambi\u00e9n al estilo literario llamado \u201crealismo m\u00e1gico\u201d, Rulfo nos narra las historias de sus personajes con una mezcla de realidad e ilusi\u00f3n; eventos fant\u00e1sticos que la gente cree percibir en com\u00fan con fen\u00f3menos en la conciencia popular y el vaiv\u00e9n de la vida cotidiana.<\/p>\n<p align=\"JUSTIFY\">Como una marca personal, Rulfo nos ofrece un estilo de narrativa particular en sus obras. Como si intentase recrear los recuerdos en la memoria, el autor de <em>Pedro P\u00e1ramo <\/em>se olvida del orden lineal temporal del acontecimiento para otorgarnos su obra maestra.<\/p>\n<p align=\"JUSTIFY\">Sin caer en la confusi\u00f3n, Rulfo nos ofrece en sus obras una opci\u00f3n diferente de narrativa que no solo hace m\u00e1s interesante a la trama sino tambi\u00e9n el ejercicio de la lectura.<\/p>\n<p align=\"JUSTIFY\">Otra peculiaridad del escritor es la conclusi\u00f3n de sus obras. En la mayor\u00eda de ellas, el personaje principal llega a alcanzar una felicidad pero esta es siempre pasajera. Nos ofrece as\u00ed historias con emociones encontradas y transformaciones de vida por las cuales pasan sus personajes centrales.<\/p>\n<p align=\"JUSTIFY\">Ello se puede apreciar en <em>Pedro P\u00e1ramo <\/em>donde describe la historia de Juan Preciado y su b\u00fasqueda por su padre, quien fue un personaje principal en la guerra revolucionaria; una vida atormentada la cual Juan va repasando de acuerdo con lo que le comentan los habitantes del pueblo de donde es su padre y de donde Juan parte con m\u00e1s preocupaciones que con las que lleg\u00f3.<\/p>\n<p align=\"JUSTIFY\">Otra muestra de ese final agridulce caracter\u00edstico de Juan Rulfo es su obra <em>El gallo de oro<\/em>, donde trata la historia de Dionisio Pinz\u00f3n, un hombre pobre y lisiado que, tras la muerte de su madre, tendr\u00e1 que afrontar su fortuna por s\u00ed solo, la cual lo llevar\u00e1 a enfrentarse al \u00e9xito y fracaso de su codicia.<\/p>\n<p align=\"JUSTIFY\">Una \u00faltima muestra de la desventura de sus protagonistas es el cuento \u201c\u00a1Diles que no me maten!\u201d, donde el protagonista, Juvencio Nava, se convierte en la propia v\u00edctima del homicidio que cometi\u00f3.<\/p>\n<p align=\"JUSTIFY\">En estas tres historias, Juan Rulfo nos muestra cu\u00e1n vers\u00e1til puede llegar a ser la personalidad de la gente mediante la transformaci\u00f3n de los protagonistas en los mismos antagonistas de su suerte o destino.<\/p>\n<p align=\"JUSTIFY\">Juan Rulfo, escritor imperdible para los lectores de habla hispana que, aunque pocas, sus obras son merecedoras de un momento de nuestra atenci\u00f3n.<\/p>\n<p lang=\"es-ES\" align=\"JUSTIFY\">Fuentes:<\/p>\n<ul>\n<li><a href=\"http:\/\/es.wikipedia.org\/wiki\/Juan_Rulfo#Primeros_a.C3.B1os_y_vida_laboral\">http:\/\/es.wikipedia.org\/wiki\/Juan_Rulfo#Primeros_a.C3.B1os_y_vida_laboral<\/a><\/li>\n<li><a href=\"http:\/\/www.imdb.com\/name\/nm0750031\/\">http:\/\/www.imdb.com\/name\/nm0750031\/<\/a><\/li>\n<li><a href=\"http:\/\/es.wikipedia.org\/wiki\/Realismo_m\u00e1gico\">http:\/\/es.wikipedia.org\/wiki\/Realismo_m%C3%A1gico<\/a><\/li>\n<li><a href=\"http:\/\/es.wikipedia.org\/wiki\/El_llano_en_llamas\">http:\/\/es.wikipedia.org\/wiki\/El_llano_en_llamas<\/a><\/li>\n<li><a href=\"http:\/\/es.wikipedia.org\/wiki\/Pedro_P\u00e1ramo\">http:\/\/es.wikipedia.org\/wiki\/Pedro_P%C3%A1ramo<\/a><\/li>\n<li><a href=\"http:\/\/sololiteratura.com\/rul\/rulobras.htm\">http:\/\/sololiteratura.com\/rul\/rulobras.htm<\/a><\/li>\n<\/ul>\n","protected":false},"excerpt":{"rendered":"<p>Alexander Camayoc particip\u00f3 en el club en el ciclo Verano 2012 Juan Rulfo fue un escritor mexicano, nacido en Apulco, localidad cercana a San Gabriel, Jalisco (M\u00e9xico). Durante su infancia y juventud sufri\u00f3 las consecuencias de las luchas cristeras (entre &hellip; <a href=\"https:\/\/blogs.up.edu.pe\/nubes\/trabajos\/trabajos-finales-ciclo-de-verano-2012\/juan-rulfo-1917-1986-por-alexander-camayoc\/\">Sigue leyendo <span class=\"meta-nav\">&rarr;<\/span><\/a><\/p>\n","protected":false},"author":3,"featured_media":0,"parent":271,"menu_order":2,"comment_status":"closed","ping_status":"closed","template":"","meta":{"footnotes":""},"class_list":["post-268","page","type-page","status-publish","hentry"],"_links":{"self":[{"href":"https:\/\/blogs.up.edu.pe\/nubes\/wp-json\/wp\/v2\/pages\/268","targetHints":{"allow":["GET"]}}],"collection":[{"href":"https:\/\/blogs.up.edu.pe\/nubes\/wp-json\/wp\/v2\/pages"}],"about":[{"href":"https:\/\/blogs.up.edu.pe\/nubes\/wp-json\/wp\/v2\/types\/page"}],"author":[{"embeddable":true,"href":"https:\/\/blogs.up.edu.pe\/nubes\/wp-json\/wp\/v2\/users\/3"}],"replies":[{"embeddable":true,"href":"https:\/\/blogs.up.edu.pe\/nubes\/wp-json\/wp\/v2\/comments?post=268"}],"version-history":[{"count":3,"href":"https:\/\/blogs.up.edu.pe\/nubes\/wp-json\/wp\/v2\/pages\/268\/revisions"}],"predecessor-version":[{"id":370,"href":"https:\/\/blogs.up.edu.pe\/nubes\/wp-json\/wp\/v2\/pages\/268\/revisions\/370"}],"up":[{"embeddable":true,"href":"https:\/\/blogs.up.edu.pe\/nubes\/wp-json\/wp\/v2\/pages\/271"}],"wp:attachment":[{"href":"https:\/\/blogs.up.edu.pe\/nubes\/wp-json\/wp\/v2\/media?parent=268"}],"curies":[{"name":"wp","href":"https:\/\/api.w.org\/{rel}","templated":true}]}}