{"id":1667,"date":"2014-12-18T11:25:35","date_gmt":"2014-12-18T16:25:35","guid":{"rendered":"https:\/\/blogs.up.edu.pe\/nubes\/\/?page_id=1667"},"modified":"2014-12-18T11:25:35","modified_gmt":"2014-12-18T16:25:35","slug":"romina-peralta-analisis-de-las-primeras-luces-de-guillermo-nino-de-guzman","status":"publish","type":"page","link":"https:\/\/blogs.up.edu.pe\/nubes\/trabajos\/trabajos-finales-2014-primavera\/romina-peralta-analisis-de-las-primeras-luces-de-guillermo-nino-de-guzman\/","title":{"rendered":"Romina Peralta, \u201cAn\u00e1lisis de \u2018Las primeras luces\u2019 de Guillermo Ni\u00f1o de Guzm\u00e1n\u201d"},"content":{"rendered":"<p><strong>Romina Peralta, \u201cAn\u00e1lisis de \u2018Las primeras luces\u2019 de Guillermo Ni\u00f1o de Guzm\u00e1n\u201d<\/strong><\/p>\n<p>\u201cLas primeras luces\u201d cuenta dos historias paralelas sobre un mismo personaje, Pedro Medina, las cuales suceden en diferentes momentos de su vida. La primera historia comienza con Pedro sintiendo mucho dolor y dan a entender que est\u00e1 herido en un campamento de guerra en la selva. Sabemos que el autor del cuento, adem\u00e1s de ser cuentista, tambi\u00e9n es periodista y que estuvo en la guerra entre Per\u00fa y Ecuador, por lo que podemos inferir que la historia sucede en esa guerra. El cuento contin\u00faa describiendo el sufrimiento y la impotencia que siente Pedro al no poder hacer nada para detenerlo, de pronto un dolor intenso se desat\u00f3 en su interior y cuando trat\u00f3 de pedir auxilio se dio cuenta que no sal\u00edan las palabras, poco a poco sinti\u00f3 sensaci\u00f3n de ahogo y luego el relato cuenta que se desvanece.<\/p>\n<p>Ah\u00ed es donde comienza la otra historia. En esta, Pedro es un ni\u00f1o que se enamora por primera vez en el balneario de su infancia. En esta parte el autor cuenta la historia dando la impresi\u00f3n de que es uno de los recuerdos m\u00e1s preciados del protagonista.<\/p>\n<p>La historia contin\u00faa de vuelta en la guerra pero reci\u00e9n despu\u00e9s del primer p\u00e1rrafo te puedes dar cuenta de que es un momento anterior al narrado inicialmente. En este segmento el relato cuenta que el campamento fue bombardeado y todos ten\u00edan que huir, pero un compa\u00f1ero de Pedro hab\u00eda entrado en estado de <em>shock<\/em> y no pod\u00eda moverse. Luego aparece un cabo que obliga a Pedro a dejar a su amigo ya que no colaboraba. El segmento termina con ellos escapando y rodando por una trocha.<\/p>\n<p>Luego la historia regresa a cuando \u00e9l era ni\u00f1o, ac\u00e1 s\u00ed se sigue una l\u00ednea de tiempo y se contin\u00faa la historia de Pedro y su primer amor. En este \u201crecuerdo\u201d, Pedro se alista para ir a una fiesta con la chica que le gustaba.<\/p>\n<p>De regreso a la guerra, se cuenta que el cabo que lo oblig\u00f3 a separarse de su amig\u00f3 y \u00e9l deciden regresar por su compa\u00f1ero y ayudarlo a escapar. Para poder ayudarlo a reaccionar tuvo que amenazarlo, le dijo que si no lo segu\u00eda, \u00e9l ser\u00eda el encargado de matarlo y as\u00ed fue como su amigo decidi\u00f3 reaccionar. Cuando estaban a medio camino estalla una bomba frente a ellos y lo deja inconsciente, cuando despierta est\u00e1 en un campamento seguro y el teniente le dice que pronto llegar\u00e1 el helic\u00f3ptero con la ayuda. Este campamento es que el del inicio de la historia, en donde \u00e9l ya se encontraba herido. Cuando termina ese segmento, comienza nuevamente el de su ni\u00f1ez y recuerda la que probablemente fue la mejor noche de su vida junto a su querida Cristina.<\/p>\n<p>Luego, de vuelta a la guerra, Pedro se despierta con el sonido del helic\u00f3ptero. El teniente lo ayuda a subir y le asegura que todo saldr\u00e1 bien. Una vez all\u00ed se encuentra con un conocido y le pregunta si lo ve\u00eda muy mal y su amigo le dice que no. Luego Pedro presta m\u00e1s atenci\u00f3n a d\u00f3nde se dirig\u00eda el helic\u00f3ptero y pregunta hacia donde iban, se da cuenta que se dirige hacia la luz y el dolor desaparece.<\/p>\n<p>El relato contin\u00faa nuevamente en su ni\u00f1ez, donde \u00e9l despierta de una pesadilla en donde cuenta lo mismo que acababa de pasar en el helic\u00f3ptero.<\/p>\n<p>Finalmente en el \u00faltimo segmento, regresando a la guerra, el amigo que Pedro salv\u00f3 lo est\u00e1 tratando de despertar, pero luego entra el teniente y le dice que ya est\u00e1 muerto.<\/p>\n<p>El cuento presenta dos historias paralelas que finalmente se cruzan, por otro lado el autor utiliza una herramienta en donde la historia no ocurre en orden cronol\u00f3gico. Este cuento me gust\u00f3 mucho porque no me esperaba el final y tuve que volverlo a leer para entender varias cosas. En la primera parte en donde dice que se desvanece, en realidad se est\u00e1 muriendo, luego, la historia paralela de su infancia me parece que son como esos recuerdos felices de tu vida que dicen que pasan por tu mente cuando vas a morir y por eso los menciona el autor, adem\u00e1s posiblemente quiso de generarle ganas al lector de conocer m\u00e1s de la historia con Cristina y saber si Pedro la ve luego de la guerra. Finalmente lo que ocurri\u00f3 en el helic\u00f3ptero fue algo que sucedi\u00f3 despu\u00e9s de morir y probablemente haya sido eso lo que crey\u00f3 vivir, al morir, porque alguna vez de ni\u00f1o lo so\u00f1\u00f3, adem\u00e1s que se prestaba para las circunstancias.<\/p>\n<p>Las historias que dejan tantos cabos sueltos y te hacen querer volver a leerlas para descubrir m\u00e1s secretos son las que aprecio m\u00e1s y creo que Guillermo Ni\u00f1o de Guzm\u00e1n hizo un gran trabajo con esta historia.<\/p>\n","protected":false},"excerpt":{"rendered":"<p>Romina Peralta, \u201cAn\u00e1lisis de \u2018Las primeras luces\u2019 de Guillermo Ni\u00f1o de Guzm\u00e1n\u201d \u201cLas primeras luces\u201d cuenta dos historias paralelas sobre un mismo personaje, Pedro Medina, las cuales suceden en diferentes momentos de su vida. La primera historia comienza con Pedro &hellip; <a href=\"https:\/\/blogs.up.edu.pe\/nubes\/trabajos\/trabajos-finales-2014-primavera\/romina-peralta-analisis-de-las-primeras-luces-de-guillermo-nino-de-guzman\/\">Sigue leyendo <span class=\"meta-nav\">&rarr;<\/span><\/a><\/p>\n","protected":false},"author":3,"featured_media":0,"parent":1613,"menu_order":12,"comment_status":"closed","ping_status":"closed","template":"","meta":{"footnotes":""},"class_list":["post-1667","page","type-page","status-publish","hentry"],"_links":{"self":[{"href":"https:\/\/blogs.up.edu.pe\/nubes\/wp-json\/wp\/v2\/pages\/1667","targetHints":{"allow":["GET"]}}],"collection":[{"href":"https:\/\/blogs.up.edu.pe\/nubes\/wp-json\/wp\/v2\/pages"}],"about":[{"href":"https:\/\/blogs.up.edu.pe\/nubes\/wp-json\/wp\/v2\/types\/page"}],"author":[{"embeddable":true,"href":"https:\/\/blogs.up.edu.pe\/nubes\/wp-json\/wp\/v2\/users\/3"}],"replies":[{"embeddable":true,"href":"https:\/\/blogs.up.edu.pe\/nubes\/wp-json\/wp\/v2\/comments?post=1667"}],"version-history":[{"count":2,"href":"https:\/\/blogs.up.edu.pe\/nubes\/wp-json\/wp\/v2\/pages\/1667\/revisions"}],"predecessor-version":[{"id":1670,"href":"https:\/\/blogs.up.edu.pe\/nubes\/wp-json\/wp\/v2\/pages\/1667\/revisions\/1670"}],"up":[{"embeddable":true,"href":"https:\/\/blogs.up.edu.pe\/nubes\/wp-json\/wp\/v2\/pages\/1613"}],"wp:attachment":[{"href":"https:\/\/blogs.up.edu.pe\/nubes\/wp-json\/wp\/v2\/media?parent=1667"}],"curies":[{"name":"wp","href":"https:\/\/api.w.org\/{rel}","templated":true}]}}