{"id":1439,"date":"2014-03-01T14:37:01","date_gmt":"2014-03-01T14:37:01","guid":{"rendered":"https:\/\/blogs.up.edu.pe\/nubes\/\/?page_id=1439"},"modified":"2014-07-31T14:37:32","modified_gmt":"2014-07-31T14:37:32","slug":"rita-tarazona-edgar-allan-poe-el-corazon-delator","status":"publish","type":"page","link":"https:\/\/blogs.up.edu.pe\/nubes\/trabajos\/trabajos-finales-2014-verano\/rita-tarazona-edgar-allan-poe-el-corazon-delator\/","title":{"rendered":"Rita Tarazona, Edgar Allan Poe, \u00abEl coraz\u00f3n delator\u00bb"},"content":{"rendered":"<p style=\"text-align: justify;\">Fue muy dif\u00edcil elegir un cuento y un autor en espec\u00edfico ya que a lo largo del curso le\u00edmos incre\u00edbles cuentos de los cuales, por ser mi g\u00e9nero preferido, eleg\u00ed a Edgar Allan Poe.<\/p>\n<p style=\"text-align: justify;\">Al leer un poco m\u00e1s sobre la vida del autor me di con la sorpresa de que no solo escribi\u00f3 cuentos de terror, sino que tambi\u00e9n escribi\u00f3 relatos de s\u00e1tira, poes\u00edas, novelas, etc. Sin embargo, es m\u00e1s reconocido por sus cuentos de terror, los cuales son muy variados y tienen gran popularidad.<\/p>\n<p style=\"text-align: justify;\">Las lecturas de la primera semana fueron de terror. Una de las m\u00e1s interesantes para m\u00ed fue \u201cEl coraz\u00f3n delator\u201d. Nos cuenta la historia de un \u201cloco\u201d y su drama por asesinar a un viejo.<\/p>\n<p style=\"text-align: justify;\">Comienza por mencionar que el plan de matar al viejo no va con alg\u00fan beneficio en s\u00ed; es decir no hay inter\u00e9s ni econ\u00f3mico, ni odio, simplemente era su ojo el que le aterraba y detestaba. Cuando decide proceder con su plan de aniquilar al viejo nos relata paso a paso todo el drama que signific\u00f3 hacerlo. Se da cuenta que puede entrar al cuarto del viejo sin ning\u00fan problema y lograr consumar el acto.<\/p>\n<p style=\"text-align: justify;\">Llega el d\u00eda indicado y logra abrir la puerta del viejo cuando de pronto su pulgar resbala del cierre herm\u00e9tico causando que se oyera un ruido lo que hizo que el viejo despertara de su sue\u00f1o y se pusiera cauteloso. \u201cEl loco\u201d, muy inteligente se queda cerca de una hora inm\u00f3vil.<\/p>\n<p style=\"text-align: justify;\">Luego de este lapso de tiempo el viejo ya no puede m\u00e1s, suelta quejidos debido a sus dolencias y vuelve a dormir. El loco entra en una confusi\u00f3n de pena y alegr\u00eda al mismo tiempo, de saber de las dolencias que aquejaban al viejo, sin embargo, esto no le impidi\u00f3 continuar con su plan.<\/p>\n<p style=\"text-align: justify;\">Luego de ver continuamente el ojo del viejo y entrando en ira por el mismo, decide consumar el acto. El viejo emiti\u00f3 un quejido y el loco procedi\u00f3 a matarlo en el colch\u00f3n que se encontraba en el piso. Dur\u00f3 unos segundos el acto y luego el viejo muri\u00f3.<\/p>\n<p style=\"text-align: justify;\">El loco se cercior\u00f3 de que estuviera realmente muerto y comenz\u00f3 a tratar de escuchar el coraz\u00f3n de su v\u00edctima, sin embargo, no logr\u00f3 escuchar ning\u00fan sonido ya que este hab\u00eda dejado de latir por completo y eso le causaba una alegr\u00eda inmensa, ya que significar\u00eda que nunca mas volver\u00eda a ver aquel ojo que le atormentaba.<\/p>\n<p style=\"text-align: justify;\">Luego de muerto, el loco tom\u00f3 todas las precauciones del caso y pas\u00f3 a desaparecer el cuerpo o en todo caso eliminar rastros que lo puedan culpar del asesinato. Lo siguiente que hizo fue descuartizar al viejo, cort\u00e1ndole la cabeza, los brazos y las piernas. Pas\u00f3 a esconder los restos en el piso, muy cauteloso: \u201ccoloc\u00f3 los tablones del piso tal que ning\u00fan ojo humano hubiera podido distinguir que all\u00ed hubiera algo\u201d.<\/p>\n<p style=\"text-align: justify;\">La faena termin\u00f3 cerca de las cuatro de la ma\u00f1ana, cuando de pronto escucha que tocan a la puerta tres polic\u00edas que comenzaron a preguntar por los ruidos del d\u00eda anterior ya que uno de los vecinos hab\u00eda o\u00eddo unos alaridos provenientes de ese cuarto. El loco afirm\u00f3 que esos alaridos fueron suyos debido a una pesadilla de la noche anterior. Sin duda los polic\u00edas le creyeron ya que aquello es una situaci\u00f3n normal. Los tres hombres ten\u00edan permiso para poder revisar el lugar.<\/p>\n<p style=\"text-align: justify;\">El loco no ten\u00eda nada de que temer, como ya hab\u00eda calculado todo y arreglado la escena, no hab\u00eda nada de que temer. Con mucha confianza les hizo el recorrido a los polic\u00edas. Con toda la confianza que pose\u00eda el loco acomod\u00f3 a los polic\u00edas justo en el lugar donde hab\u00eda guardado los restos del viejo.<\/p>\n<p style=\"text-align: justify;\">Es all\u00ed donde comienza el tormento. Es all\u00ed donde el loco se siente agobiado por sonidos que van aumentado con el pasar de los minutos. Entra en p\u00e1nico, lo \u00fanico que desea es que los polic\u00edas se vayan de all\u00ed y lo dejen en paz. Fueron los momentos m\u00e1s dif\u00edciles para el loco, no pod\u00eda soportar m\u00e1s aquel sonido, aquella sensaci\u00f3n de horror. Ya no pudo m\u00e1s y confes\u00f3 su crimen. Era mejor confesar el crimen que estar pasando por aquel terror y sonido que hac\u00eda el viejo.<\/p>\n<p style=\"text-align: justify;\">En general muy entretenido, muy pr\u00e1ctico de leer. Una historia que causa pena al ser injusta la muerte del viejo pero por otro lado observamos el aspecto psicol\u00f3gico del asesino; c\u00f3mo un ojo puede ser el causante de una muerte tan salvaje y c\u00f3mo al final de todo uno no puede vivir con la consciencia de haber asesinando a alguien, siempre queda un remordimiento que no se puede manejar con facilidad ni normalidad.<\/p>\n","protected":false},"excerpt":{"rendered":"<p>Fue muy dif\u00edcil elegir un cuento y un autor en espec\u00edfico ya que a lo largo del curso le\u00edmos incre\u00edbles cuentos de los cuales, por ser mi g\u00e9nero preferido, eleg\u00ed a Edgar Allan Poe. Al leer un poco m\u00e1s sobre &hellip; <a href=\"https:\/\/blogs.up.edu.pe\/nubes\/trabajos\/trabajos-finales-2014-verano\/rita-tarazona-edgar-allan-poe-el-corazon-delator\/\">Sigue leyendo <span class=\"meta-nav\">&rarr;<\/span><\/a><\/p>\n","protected":false},"author":3,"featured_media":0,"parent":1350,"menu_order":17,"comment_status":"closed","ping_status":"closed","template":"","meta":{"footnotes":""},"class_list":["post-1439","page","type-page","status-publish","hentry"],"_links":{"self":[{"href":"https:\/\/blogs.up.edu.pe\/nubes\/wp-json\/wp\/v2\/pages\/1439","targetHints":{"allow":["GET"]}}],"collection":[{"href":"https:\/\/blogs.up.edu.pe\/nubes\/wp-json\/wp\/v2\/pages"}],"about":[{"href":"https:\/\/blogs.up.edu.pe\/nubes\/wp-json\/wp\/v2\/types\/page"}],"author":[{"embeddable":true,"href":"https:\/\/blogs.up.edu.pe\/nubes\/wp-json\/wp\/v2\/users\/3"}],"replies":[{"embeddable":true,"href":"https:\/\/blogs.up.edu.pe\/nubes\/wp-json\/wp\/v2\/comments?post=1439"}],"version-history":[{"count":2,"href":"https:\/\/blogs.up.edu.pe\/nubes\/wp-json\/wp\/v2\/pages\/1439\/revisions"}],"predecessor-version":[{"id":1441,"href":"https:\/\/blogs.up.edu.pe\/nubes\/wp-json\/wp\/v2\/pages\/1439\/revisions\/1441"}],"up":[{"embeddable":true,"href":"https:\/\/blogs.up.edu.pe\/nubes\/wp-json\/wp\/v2\/pages\/1350"}],"wp:attachment":[{"href":"https:\/\/blogs.up.edu.pe\/nubes\/wp-json\/wp\/v2\/media?parent=1439"}],"curies":[{"name":"wp","href":"https:\/\/api.w.org\/{rel}","templated":true}]}}