{"id":1418,"date":"2014-03-01T03:40:56","date_gmt":"2014-03-01T03:40:56","guid":{"rendered":"https:\/\/blogs.up.edu.pe\/nubes\/\/?page_id=1418"},"modified":"2014-07-31T03:41:18","modified_gmt":"2014-07-31T03:41:18","slug":"sheyla-enciso-anorexia-y-tijerita-de-alfredo-bryce-echenique","status":"publish","type":"page","link":"https:\/\/blogs.up.edu.pe\/nubes\/trabajos\/trabajos-finales-2014-verano\/sheyla-enciso-anorexia-y-tijerita-de-alfredo-bryce-echenique\/","title":{"rendered":"Sheyla Enciso, \u201cAnorexia y tijerita\u201d de Alfredo Bryce Echenique"},"content":{"rendered":"<p style=\"text-align: justify;\">\u00abAnorexia y tijerita\u00bb me parece un cuento que gusta no simplemente por los temas de fondo que abarca, desde corrupci\u00f3n hasta discriminaci\u00f3n racial (problemas m\u00e1s profundos en el mundo moderno), sino tambi\u00e9n por la genialidad del autor para poder narrar como si estuviera hablando. Creo que ese es uno de los factores fundamentales que influyen para poder hacer el texto m\u00e1s real, para hacerle sentir al lector que no se trata de una historia meramente descriptiva, sino que, al saltarse un orden establecido, logra explicar la naturaleza humana precisamente como es, desordenada, compleja.<\/p>\n<p style=\"text-align: justify;\">El autor mezcla tiempos; primera, segunda, tercera persona; personajes; pensamientos. Es por ello que sent\u00ed el cuento real; logr\u00e9 incluso ponerme en la situaci\u00f3n de Joaqu\u00edn Bermejo, de c\u00f3mo se pod\u00eda sentir, de cu\u00e1nto estr\u00e9s pod\u00eda tener, de c\u00f3mo deb\u00eda manejar las cosas, tal vez deb\u00eda irse por el camino m\u00e1s f\u00e1cil y dejar todo de lado, pero qu\u00e9 dir\u00edan los dem\u00e1s, pero tambi\u00e9n qu\u00e9 hab\u00eda de \u00e9l, de sus ambiciones \u2013por m\u00e1s buenas o malas que fueran\u2013, de c\u00f3mo lo limitaban. Situaciones en las que piensas en una y mil cosas, y se te vienen a la mente otras mil y un cosas, caracterizan mi d\u00eda a d\u00eda tambi\u00e9n. Por ello me encant\u00f3 este cuento, y fue sin duda uno de los mejores a lo largo de este taller.<\/p>\n<p style=\"text-align: justify;\">Ahora, con respecto a los temas de fondo. Adem\u00e1s de la forma en la que Bryce Echenique logra describir a sus personajes, mediante sus expresiones y actitudes, es interesante en contexto en el que enmarca el cuento: una familia lime\u00f1a favorecida por la fortuna. Joaqu\u00edn Bermejo es un pol\u00edtico sin escr\u00fapulos, como tantos hoy en d\u00eda, envuelto en un caso de corrupci\u00f3n, que adem\u00e1s es infiel. Se siente mal por dejar de ser ministro y, por tanto, dejar de ser \u201cimportante\u201d; pero a\u00fan m\u00e1s le preocupa quedar como un pol\u00edtico corrupto. Piensa en c\u00f3mo escaparse de esa, qu\u00e9 dir\u00e1 la prensa, qu\u00e9 le dir\u00e1 a sus hijos, que tal vez sea una buena idea mandar a matar a su esposa y huir con su amante, tantas cosas. Sin embargo, nunca logra cuestionar sus propios actos que lo llevaron a esa situaci\u00f3n.<\/p>\n<p style=\"text-align: justify;\">El rol de su esposa en su vida es fundamental por m\u00e1s infiel que le sea. Raquelita, es una dama de clase alta que desprecia a gente \u201cde \u00ednfima\u201d, pero que, al final, sorprende con su intr\u00e9pida haza\u00f1a para no dejarse robar, aunque en efecto no le hab\u00edan robado, solo que, para ir acorde a la percepci\u00f3n que se tiene de una dama de la oligarqu\u00eda, se dej\u00f3 llevar por las apariencias y, prejuiciosamente, pens\u00f3 que un se\u00f1or de raza negra le hab\u00eda robado. Tambi\u00e9n llama la atenci\u00f3n que se\u00f1alara \u201cest\u00e1 prohibido sudar\u201d, \u201cen esta casa no se suda\u201d, como si por ser de clase alta librara a las personas de una reacci\u00f3n natural, pero que ella considera sucia. Estas superficialidades la alejan de ser consciente de la realidad social e incluso de su realidad matrimonial.<\/p>\n<p style=\"text-align: justify;\">El rol de sus hijos tambi\u00e9n es importante. A pesar de que Joaqu\u00edn no tenga escr\u00fapulos, le importa mucho qu\u00e9 le dir\u00e1 a sus hijos, y sobre todo piensa en la imagen que quiere que ellos se lleven de \u00e9l. \u201c\u00a1Pues pulso! \u00a1Cr\u00e1neo! \u00a1Pulso y cr\u00e1neo! \u00a1Y con el sudor de mi frente! \u00a1Con el sudor&#8230;!\u201d<\/p>\n<p style=\"text-align: justify;\">Toda esta preocupaci\u00f3n que tiene Joaqu\u00edn nos lleva hacia la mirada de un hombre y su conflicto personal. A pesar de no tener escr\u00fapulos, es un individuo que se encuentra acorralado y debe tomar una decisi\u00f3n, por m\u00e1s o menos honrada que haya sido la situaci\u00f3n que lo llev\u00f3 a ello. Es interesante c\u00f3mo en varios momentos del cuento Bryce Echenique cita las palabras de Raquelita: \u201cTe quiero por lo que eres\u201d le dice a Joaqu\u00edn. Eso es lo que acrecienta el conflicto de Joaqu\u00edn. \u00bfQui\u00e9n es realmente? \u00bfFue en el pasado una mejor persona? \u00bfHoy es solo un pol\u00edtico corrupto? \u00bfAcaso no est\u00e1 donde est\u00e1 a base de puro esfuerzo?<\/p>\n<p style=\"text-align: justify;\">Este cuento logr\u00f3, de una forma diferente, invitar al lector a vivir el conflicto personal de un hombre sin escr\u00fapulos, en un contexto de abismos sociales que han dividido a la sociedad peruana. \u00a1Muy buen cuento!<\/p>\n","protected":false},"excerpt":{"rendered":"<p>\u00abAnorexia y tijerita\u00bb me parece un cuento que gusta no simplemente por los temas de fondo que abarca, desde corrupci\u00f3n hasta discriminaci\u00f3n racial (problemas m\u00e1s profundos en el mundo moderno), sino tambi\u00e9n por la genialidad del autor para poder narrar &hellip; <a href=\"https:\/\/blogs.up.edu.pe\/nubes\/trabajos\/trabajos-finales-2014-verano\/sheyla-enciso-anorexia-y-tijerita-de-alfredo-bryce-echenique\/\">Sigue leyendo <span class=\"meta-nav\">&rarr;<\/span><\/a><\/p>\n","protected":false},"author":3,"featured_media":0,"parent":1350,"menu_order":11,"comment_status":"closed","ping_status":"closed","template":"","meta":{"footnotes":""},"class_list":["post-1418","page","type-page","status-publish","hentry"],"_links":{"self":[{"href":"https:\/\/blogs.up.edu.pe\/nubes\/wp-json\/wp\/v2\/pages\/1418","targetHints":{"allow":["GET"]}}],"collection":[{"href":"https:\/\/blogs.up.edu.pe\/nubes\/wp-json\/wp\/v2\/pages"}],"about":[{"href":"https:\/\/blogs.up.edu.pe\/nubes\/wp-json\/wp\/v2\/types\/page"}],"author":[{"embeddable":true,"href":"https:\/\/blogs.up.edu.pe\/nubes\/wp-json\/wp\/v2\/users\/3"}],"replies":[{"embeddable":true,"href":"https:\/\/blogs.up.edu.pe\/nubes\/wp-json\/wp\/v2\/comments?post=1418"}],"version-history":[{"count":2,"href":"https:\/\/blogs.up.edu.pe\/nubes\/wp-json\/wp\/v2\/pages\/1418\/revisions"}],"predecessor-version":[{"id":1420,"href":"https:\/\/blogs.up.edu.pe\/nubes\/wp-json\/wp\/v2\/pages\/1418\/revisions\/1420"}],"up":[{"embeddable":true,"href":"https:\/\/blogs.up.edu.pe\/nubes\/wp-json\/wp\/v2\/pages\/1350"}],"wp:attachment":[{"href":"https:\/\/blogs.up.edu.pe\/nubes\/wp-json\/wp\/v2\/media?parent=1418"}],"curies":[{"name":"wp","href":"https:\/\/api.w.org\/{rel}","templated":true}]}}