{"id":1414,"date":"2014-03-01T03:35:33","date_gmt":"2014-03-01T03:35:33","guid":{"rendered":"https:\/\/blogs.up.edu.pe\/nubes\/\/?page_id=1414"},"modified":"2014-07-31T03:35:58","modified_gmt":"2014-07-31T03:35:58","slug":"maria-esther-gutierrez-gomez-arthur-conan-doyle-y-sherlock-holmes","status":"publish","type":"page","link":"https:\/\/blogs.up.edu.pe\/nubes\/trabajos\/trabajos-finales-2014-verano\/maria-esther-gutierrez-gomez-arthur-conan-doyle-y-sherlock-holmes\/","title":{"rendered":"Mar\u00eda Esther Guti\u00e9rrez G\u00f3mez, Arthur Conan Doyle y Sherlock Holmes"},"content":{"rendered":"<p style=\"text-align: justify;\">Arthur Conan Doyle naci\u00f3 en Edimburgo, Escocia el 22 de Mayo de 1856. Fue m\u00e9dico y escritor. En un principio instal\u00f3 una cl\u00ednica en Portsmouth pero como no le iba bien, decidi\u00f3 retomar su faceta de escritor. Su carrera literaria tuvo tanto \u00e9xito que tuvo que abandonar la pr\u00e1ctica de la medicina y dedicarse por completo a la escritura.<\/p>\n<p style=\"text-align: justify;\">Su primer trabajo destacado fue \u00abEstudio en escarlata\u00bb, donde el autor crea al m\u00e1s famoso detective de ficci\u00f3n, Sherlock Holmes. En julio de 1891 empez\u00f3 a publicar en la revista\u00a0<em>Strand Magazine<\/em>\u00a0sobre los cuentos de Sherlock Holmes. El autor se bas\u00f3 en un profesor que conoci\u00f3 en la universidad para crear al personaje de Holmes. Este profesor pose\u00eda una ingeniosa habilidad para el razonamiento deductivo. Asimismo, crea al personaje del doctor Watson, el amigo leal de Sherlock y el narrador de los cuentos. Por otro lado, tambi\u00e9n encontramos al villano profesor Moriarty; Sherlock lo describe como el \u201cNapole\u00f3n del crimen\u201d.<\/p>\n<p style=\"text-align: justify;\">Entre las obras con Sherlock Holmes, hay cuatro novelas largas y cincuenta y siete cuentos agrupados en cinco colecciones: <em>Las aventuras de Sherlock Holmes<\/em>, <em>Las memorias de Sherlock Holmes<\/em>, <em>El regreso de Sherlock Holmes<\/em>, <em>Su \u00faltima reverencia<\/em>\u00a0y <em>El archivo de Sherlock Holmes<\/em>. Asimismo, otros autores se inspiraron en el trabajo de Doyle y escribieron sobre Holmes.<\/p>\n<p style=\"text-align: justify;\">En la semana de cuentos cl\u00e1sicos policiacos le\u00edmos \u201cEl carbunclo azul\u201d y me pareci\u00f3 un cuento muy interesante por el modo en que Sherlock hace sus deducciones y llega hasta el final del caso. Me llam\u00f3 la atenci\u00f3n el g\u00e9nero y los personajes, es por eso que me anim\u00e9 a leer otro cuento de las aventuras de Sherlock Holmes: \u201cUn caso de identidad\u201d.<\/p>\n<p style=\"text-align: justify;\">Este cuento empieza cuando Mary Sutherland acude a Sherlock para que la ayude a encontrar a su prometido, Hosmer Angel, que desapareci\u00f3 el d\u00eda en que se iban a casar. Mary Sutherland es una persona adinerada pero el dinero pasa a manos de su madre porque Mary a\u00fan vive con ella, sin embargo esto cambiar\u00eda cuando Mary tenga su propia familia. Lo que se sabe de Angel es que es un hombre reservado, un poco corto de vista, tiene bigote y tiene una voz baja. Mary y \u00e9l se conocieron en un baile y desde entonces estuvieron saliendo. Su padrastro, Windibank, no est\u00e1 de acuerdo con que se vea con Angel por lo que ellos se ven obligados a enviarse cartas para mantener el contacto y se ven a escondidas, cuando el padrastro sale en viajes de negocios. Mary le deja las cartas a Sherlock para que las estudie.<\/p>\n<p style=\"text-align: justify;\">Me gust\u00f3 la manera en que Sherlock resolvi\u00f3 el caso. La trama es interesante y una vez que lo lees quieres saber sobre el misterio de la desaparici\u00f3n de Angel. Al principio, cre\u00ed que Angel simplemente hab\u00eda plantado a Mary porque se hab\u00eda retractado aunque en un momento tambi\u00e9n llegu\u00e9 a pensar que le hab\u00eda sucedido algo malo porque su desaparici\u00f3n fue repentina. Sherlock mand\u00f3 una carta citando a Windibank y este le respondi\u00f3 la carta aceptando ir. Sherlock se dio cuenta que el padrastro y Angel eran la misma persona debido a que la descripci\u00f3n f\u00edsica que Mary le hab\u00eda proporcionado sobre Angel sonaba m\u00e1s como un disfraz. Tambi\u00e9n result\u00f3 muy sospechoso que nunca ninguno de estos dos hombres coincidiese en la misma habitaci\u00f3n. Por \u00faltimo, Sherlock confirm\u00f3 este hecho comparando las cartas que Angel le hab\u00eda enviado a Mary y la que Windibank le envi\u00f3. Sherlock dedujo que las cartas fueron escritas por la misma m\u00e1quina de escribir ya que ten\u00edan el mismo desgaste de letras. \u201cSe\u00f1or Windibank, f\u00edjese en que se da el caso en esta carta suya de que todos las letras &#8216;e&#8217; son algo borrosas, y que en el ganchito de la erre hay un ligero defecto [\u2026]\u201d. Todo este plan lo hab\u00eda armado Windibank en compa\u00f1\u00eda de su esposa porque quer\u00edan seguir recibiendo el dinero de Mary. En general me gust\u00f3 el cuento y c\u00f3mo fue resuelto el caso pero me pareci\u00f3 irreal que Mary Sutherland nunca se le ocurri\u00f3 que Angel ten\u00eda algunos aspectos de su padrastro. Al parecer Windibank hizo uso de un buen disfraz.<\/p>\n<p style=\"text-align: justify;\">Lo que me gusta de Sherlock es el modo en el que el resuelve sus casos. \u00c9l siempre observa m\u00e1s all\u00e1 de lo que aparentemente se ve y puede sacar conclusiones, se da cuenta de peque\u00f1os detalles. Tiene una gran habilidad de observaci\u00f3n y de razonamiento deductivo, es por esto que se ha convertido en uno de los detectives literarios m\u00e1s famoso de todos los tiempos. Por otro lado, me gusta la amistad de Sherlock y Watson. Watson tambi\u00e9n es uno de mis personajes preferidos debido a su lealtad y me parece maravilloso que los cuentos est\u00e9n narrados bajo su punto de vista.<\/p>\n","protected":false},"excerpt":{"rendered":"<p>Arthur Conan Doyle naci\u00f3 en Edimburgo, Escocia el 22 de Mayo de 1856. Fue m\u00e9dico y escritor. En un principio instal\u00f3 una cl\u00ednica en Portsmouth pero como no le iba bien, decidi\u00f3 retomar su faceta de escritor. Su carrera literaria &hellip; <a href=\"https:\/\/blogs.up.edu.pe\/nubes\/trabajos\/trabajos-finales-2014-verano\/maria-esther-gutierrez-gomez-arthur-conan-doyle-y-sherlock-holmes\/\">Sigue leyendo <span class=\"meta-nav\">&rarr;<\/span><\/a><\/p>\n","protected":false},"author":3,"featured_media":0,"parent":1350,"menu_order":10,"comment_status":"closed","ping_status":"closed","template":"","meta":{"footnotes":""},"class_list":["post-1414","page","type-page","status-publish","hentry"],"_links":{"self":[{"href":"https:\/\/blogs.up.edu.pe\/nubes\/wp-json\/wp\/v2\/pages\/1414","targetHints":{"allow":["GET"]}}],"collection":[{"href":"https:\/\/blogs.up.edu.pe\/nubes\/wp-json\/wp\/v2\/pages"}],"about":[{"href":"https:\/\/blogs.up.edu.pe\/nubes\/wp-json\/wp\/v2\/types\/page"}],"author":[{"embeddable":true,"href":"https:\/\/blogs.up.edu.pe\/nubes\/wp-json\/wp\/v2\/users\/3"}],"replies":[{"embeddable":true,"href":"https:\/\/blogs.up.edu.pe\/nubes\/wp-json\/wp\/v2\/comments?post=1414"}],"version-history":[{"count":2,"href":"https:\/\/blogs.up.edu.pe\/nubes\/wp-json\/wp\/v2\/pages\/1414\/revisions"}],"predecessor-version":[{"id":1416,"href":"https:\/\/blogs.up.edu.pe\/nubes\/wp-json\/wp\/v2\/pages\/1414\/revisions\/1416"}],"up":[{"embeddable":true,"href":"https:\/\/blogs.up.edu.pe\/nubes\/wp-json\/wp\/v2\/pages\/1350"}],"wp:attachment":[{"href":"https:\/\/blogs.up.edu.pe\/nubes\/wp-json\/wp\/v2\/media?parent=1414"}],"curies":[{"name":"wp","href":"https:\/\/api.w.org\/{rel}","templated":true}]}}