{"id":1410,"date":"2014-03-01T03:27:20","date_gmt":"2014-03-01T03:27:20","guid":{"rendered":"https:\/\/blogs.up.edu.pe\/nubes\/\/?page_id=1410"},"modified":"2014-07-31T03:28:03","modified_gmt":"2014-07-31T03:28:03","slug":"medardo-castro-perez-zein-zorrilla-inundaciones","status":"publish","type":"page","link":"https:\/\/blogs.up.edu.pe\/nubes\/trabajos\/trabajos-finales-2014-verano\/medardo-castro-perez-zein-zorrilla-inundaciones\/","title":{"rendered":"Medardo Castro P\u00e9rez, Ze\u00edn Zorrilla, \u201cInundaciones\u201d"},"content":{"rendered":"<p style=\"text-align: justify;\"><strong>Resumen<\/strong><br \/>\nHern\u00e1n Medina, un joven ingeniero trabajador en la mina \u201cEl Pilar\u201d, lucha contra las adversidades por mantener la operaci\u00f3n diaria y poder asegurar una fuente de trabajo para los obreros y sus familias. Robles, un viejo tornero convertido ahora en jefe de maestranzas, es quien, fiel a la empresa que lo acogi\u00f3, se encarga de solucionar los problemas t\u00e9cnicos propios de la operaci\u00f3n. Juntos tratan de sacar adelante la empresa a pesar de la demora en los pagos, renuncia de varios trabajadores y poco inter\u00e9s de la gerencia. Tras el hundimiento de la mina ambos deciden viajar a Lima para concertar una cita con la se\u00f1ora que es due\u00f1a de la empresa, sin embargo se dan con la desilusi\u00f3n de que ella no tiene el m\u00e1s m\u00ednimo inter\u00e9s de saber de ellos, pues encuentran que ella ofrece una cena celebrando la indemnizaci\u00f3n que recibe del seguro por el hundimiento de la mina.<\/p>\n<p style=\"text-align: justify;\"><strong>Cr\u00edtica<\/strong><br \/>\nZe\u00edn Zorrilla, autor peruano nacido en Huancavelica el a\u00f1o 1951, public\u00f3 principalmente ficci\u00f3n en los a\u00f1os 70, Zorrilla centra su atenci\u00f3n en la sierra central. Nos muestra la transformaci\u00f3n social que se vive por estos lugares a trav\u00e9s de este cuento le\u00eddo en el taller, \u201cInundaciones\u201d, la realidad de los trabajadores mineros en provincias; vemos la desigualdad que se vive en comparaci\u00f3n a Lima incluso hasta el d\u00eda de hoy, hay un enorme grado de desigualdad en la distribuci\u00f3n de riquezas que nos lleva a la reflexi\u00f3n en este texto.<\/p>\n<p style=\"text-align: justify;\">Del cuento me gustar\u00eda mencionar en primer lugar a Hern\u00e1n Medina, un joven luchador, capaz de trabajar en condiciones de dificultad, con mucho \u00edmpetu, responsabilidad social y esmero, nos retrata el autor a una persona luchadora, un l\u00edder responsable, que sabe que existe algo m\u00e1s all\u00e1 de su propio bienestar, que es el de su gente en general, una persona a admirar. En segundo lugar Robles, un tipo trabajador, leal, capaz, uno de esos trabajadores que se ponen la camiseta hasta el final, de la misma manera preocupado por su gente.<\/p>\n<p style=\"text-align: justify;\">Son dos tipos que luchan contra el desinter\u00e9s de los due\u00f1os, cuyo objetivo se ve es puramente lucrativo, adem\u00e1s en contra de la nueva mina Ori\u00f3n, de capital extranjero, con mayor organizaci\u00f3n, capaz de captar a los mejores empleados de otros empresas para su mina logrando de esta manera maximizar la eficiencia de las mismas. Pues bien son dos personas tipo que trabajan por mantener la operaci\u00f3n que garantice el empleo de mucha gente residente del lugar que tiene en esa mina la fuente de ingreso para sus familias; esto es parte de la realidad que se vive en estas zonas alejadas de la capital. Tenemos pues la realidad del minero peruano, cuya trabajo se realiza de esta manera, teni\u00e9ndose solo ellos mismos como \u00fanica compa\u00f1\u00eda, como \u00fanica fuerza, creando lazos bastante fuertes, siempre dispuestos a relajarse con alguna bebida, alejados de su familia. Se observa en este punto que no se presta atenci\u00f3n a esta gente, que sin una mejor organizaci\u00f3n y sin el apoyo necesario no pueden hacer frente a la competencia que viene con mayor capital y mejor organizaci\u00f3n. A pesar de la figura de l\u00edderes que podemos encontrar en Hern\u00e1n y Robles, mucho no se puede hacer.<\/p>\n<p style=\"text-align: justify;\">Creo que la intenci\u00f3n del autor fue hacernos notar esto, que hay mucha gente capaz de ser muy eficiente a\u00fan con poco pero que sin embargo tampoco pueden ir m\u00e1s all\u00e1 de ello, se necesita del esfuerzo conjunto para poder sacar adelante las riquezas que se tienen, favoreciendo al conjunto, preocup\u00e1ndose por su gente. El autor me deja maravillado con este cuento, el cual nos invita a reflexionar en nuestra labor como profesionales.<\/p>\n","protected":false},"excerpt":{"rendered":"<p>Resumen Hern\u00e1n Medina, un joven ingeniero trabajador en la mina \u201cEl Pilar\u201d, lucha contra las adversidades por mantener la operaci\u00f3n diaria y poder asegurar una fuente de trabajo para los obreros y sus familias. Robles, un viejo tornero convertido ahora &hellip; <a href=\"https:\/\/blogs.up.edu.pe\/nubes\/trabajos\/trabajos-finales-2014-verano\/medardo-castro-perez-zein-zorrilla-inundaciones\/\">Sigue leyendo <span class=\"meta-nav\">&rarr;<\/span><\/a><\/p>\n","protected":false},"author":3,"featured_media":0,"parent":1350,"menu_order":9,"comment_status":"closed","ping_status":"closed","template":"","meta":{"footnotes":""},"class_list":["post-1410","page","type-page","status-publish","hentry"],"_links":{"self":[{"href":"https:\/\/blogs.up.edu.pe\/nubes\/wp-json\/wp\/v2\/pages\/1410","targetHints":{"allow":["GET"]}}],"collection":[{"href":"https:\/\/blogs.up.edu.pe\/nubes\/wp-json\/wp\/v2\/pages"}],"about":[{"href":"https:\/\/blogs.up.edu.pe\/nubes\/wp-json\/wp\/v2\/types\/page"}],"author":[{"embeddable":true,"href":"https:\/\/blogs.up.edu.pe\/nubes\/wp-json\/wp\/v2\/users\/3"}],"replies":[{"embeddable":true,"href":"https:\/\/blogs.up.edu.pe\/nubes\/wp-json\/wp\/v2\/comments?post=1410"}],"version-history":[{"count":2,"href":"https:\/\/blogs.up.edu.pe\/nubes\/wp-json\/wp\/v2\/pages\/1410\/revisions"}],"predecessor-version":[{"id":1413,"href":"https:\/\/blogs.up.edu.pe\/nubes\/wp-json\/wp\/v2\/pages\/1410\/revisions\/1413"}],"up":[{"embeddable":true,"href":"https:\/\/blogs.up.edu.pe\/nubes\/wp-json\/wp\/v2\/pages\/1350"}],"wp:attachment":[{"href":"https:\/\/blogs.up.edu.pe\/nubes\/wp-json\/wp\/v2\/media?parent=1410"}],"curies":[{"name":"wp","href":"https:\/\/api.w.org\/{rel}","templated":true}]}}