{"id":1392,"date":"2014-03-01T00:51:23","date_gmt":"2014-03-01T00:51:23","guid":{"rendered":"https:\/\/blogs.up.edu.pe\/nubes\/\/?page_id=1392"},"modified":"2014-07-31T00:54:08","modified_gmt":"2014-07-31T00:54:08","slug":"estefania-rojas-dia-domingo-de-mario-vargas-llosa","status":"publish","type":"page","link":"https:\/\/blogs.up.edu.pe\/nubes\/trabajos\/trabajos-finales-2014-verano\/estefania-rojas-dia-domingo-de-mario-vargas-llosa\/","title":{"rendered":"Estefan\u00eda Rojas, \u201cD\u00eda domingo\u201d de Mario Vargas Llosa"},"content":{"rendered":"<p style=\"text-align: justify;\">Para este comentario he escogido uno de los cuentos que m\u00e1s me gust\u00f3, \u201cD\u00eda domingo\u201d de Mario Vargas Llosa. As\u00ed que debo empezar mencionando que me gust\u00f3 por la naturalidad y realismo del relato que creo que muchos podemos identificar como una serie de acontecimientos muy cercanos a nuestra realidad. Adem\u00e1s, me agrad\u00f3 leer algo de Vargas Llosa despu\u00e9s de tantos a\u00f1os, ya que solo hab\u00eda le\u00eddo <em>La ciudad y los perros<\/em>\u00a0cuando estaba en el colegio, pero gracias a este cuento he decidido que leer\u00e9 m\u00e1s obras suyas.<\/p>\n<p style=\"text-align: justify;\">\u201cD\u00eda domingo\u201d tiene una forma de ser narrada muy entretenida y real ya que pone al lector al tanto de detalles del entorno, pensamientos, sentimientos y di\u00e1logos que bien podr\u00edan darse en la realidad. Adem\u00e1s, creo que me identifiqu\u00e9 un poco por tratarse de personajes j\u00f3venes en \u00e9pocas de escolares en las que se ve claramente su rebeld\u00eda y ese sentimiento de estar ellos en la cima del mundo, como personas que todo lo pueden, seres invencibles, lo que caracteriza mucho a la juventud. Tambi\u00e9n considero que el detalle inicial de la revelaci\u00f3n de amor de Miguel ante Flora da pie a que la lectura sea un poco m\u00e1s sensible y establece un contexto un poco rom\u00e1ntico y clich\u00e9 en el que \u00e9l debe, de alguna manera, pelear por la atenci\u00f3n de su amada.<\/p>\n<p style=\"text-align: justify;\">Un aspecto interesante de la historia es c\u00f3mo se desarrolla el concepto de machismo mezclado con la competencia entre Miguel y Rub\u00e9n, ya que ambos personajes inician su \u201cpelea\u201d porque est\u00e1n enamorados de Flora y l\u00f3gicamente los dos esperan que los escoja. El machismo se ve interpretado cuando los amigos se re\u00fanen con un grupo m\u00e1s en un bar en el que empiezan a hacer retos tomando alcohol para demostrar qui\u00e9n es el m\u00e1s fuerte, qui\u00e9n es el que m\u00e1s resiste. Esta es una manera muy com\u00fan entre los hombres j\u00f3venes o adultos de competir entre s\u00ed, con la finalidad de dejar en claro qui\u00e9n es el l\u00edder en el grupo, ya que el m\u00e1s fuerte se gana impl\u00edcitamente el derecho a guiar a todos y se convierte en el m\u00e1s respetado del grupo. De esta manera se inicia una competencia entre Miguel y Rub\u00e9n para tratar de demostrar qui\u00e9n merece m\u00e1s a Flora, qui\u00e9n puede tomar m\u00e1s sin sentirse mal, qui\u00e9n puede nadar m\u00e1s lejos en el clima tan fr\u00edo.<\/p>\n<p style=\"text-align: justify;\">Al salir del bar y darse ya la competencia en el mar, ambos amigos, ahora rivales, empiezan a demostrar lo que hay m\u00e1s all\u00e1 de una simple amistad, el ser solidarios con el otro ayud\u00e1ndose en los peores momentos para sobrevivir y resistir juntos sin dejarse atr\u00e1s. Es as\u00ed que entre ambos se cuidan las espaldas porque aunque Rub\u00e9n se pone tan mal que no puede seguir nadando, Miguel lo rescata y juran entre los dos no mencionar a los dem\u00e1s el incidente, para no ser juzgados como perdedores que no pudieron llegar a la meta o para que no se enteren de que Rub\u00e9n es tan d\u00e9bil que su amigo lo tuvo que salvar. De esta manera se observa una caracter\u00edstica de empat\u00eda entre ambos personajes que llevan su amistad a\u00fan m\u00e1s all\u00e1 con la confianza en que no se defraudar\u00e1n.<\/p>\n<p style=\"text-align: justify;\">Es as\u00ed que \u201cD\u00eda domingo\u201d fue uno de mis relatos favoritos por tener una mezcla de sentimientos y situaciones entretenidas que ejemplifican muchas caracter\u00edsticas de los seres humanos y en especial de los hombres, que tratan de demostrar su poder en su entorno m\u00e1s cercano y que no pueden dejar que nada les quite eso, motivo por el cual se da el acuerdo entre Miguel y Rub\u00e9n para no revelar ante los dem\u00e1s lo que en verdad hab\u00eda pasado durante la competencia y es as\u00ed que Rub\u00e9n, como agradecimiento por haberlo salvado, decide cederle la victoria a Miguel y cambia la historia para que los dem\u00e1s crean que solo \u00e9l lleg\u00f3 a la meta satisfactoriamente.<\/p>\n","protected":false},"excerpt":{"rendered":"<p>Para este comentario he escogido uno de los cuentos que m\u00e1s me gust\u00f3, \u201cD\u00eda domingo\u201d de Mario Vargas Llosa. As\u00ed que debo empezar mencionando que me gust\u00f3 por la naturalidad y realismo del relato que creo que muchos podemos identificar &hellip; <a href=\"https:\/\/blogs.up.edu.pe\/nubes\/trabajos\/trabajos-finales-2014-verano\/estefania-rojas-dia-domingo-de-mario-vargas-llosa\/\">Sigue leyendo <span class=\"meta-nav\">&rarr;<\/span><\/a><\/p>\n","protected":false},"author":3,"featured_media":0,"parent":1350,"menu_order":6,"comment_status":"closed","ping_status":"closed","template":"","meta":{"footnotes":""},"class_list":["post-1392","page","type-page","status-publish","hentry"],"_links":{"self":[{"href":"https:\/\/blogs.up.edu.pe\/nubes\/wp-json\/wp\/v2\/pages\/1392","targetHints":{"allow":["GET"]}}],"collection":[{"href":"https:\/\/blogs.up.edu.pe\/nubes\/wp-json\/wp\/v2\/pages"}],"about":[{"href":"https:\/\/blogs.up.edu.pe\/nubes\/wp-json\/wp\/v2\/types\/page"}],"author":[{"embeddable":true,"href":"https:\/\/blogs.up.edu.pe\/nubes\/wp-json\/wp\/v2\/users\/3"}],"replies":[{"embeddable":true,"href":"https:\/\/blogs.up.edu.pe\/nubes\/wp-json\/wp\/v2\/comments?post=1392"}],"version-history":[{"count":2,"href":"https:\/\/blogs.up.edu.pe\/nubes\/wp-json\/wp\/v2\/pages\/1392\/revisions"}],"predecessor-version":[{"id":1401,"href":"https:\/\/blogs.up.edu.pe\/nubes\/wp-json\/wp\/v2\/pages\/1392\/revisions\/1401"}],"up":[{"embeddable":true,"href":"https:\/\/blogs.up.edu.pe\/nubes\/wp-json\/wp\/v2\/pages\/1350"}],"wp:attachment":[{"href":"https:\/\/blogs.up.edu.pe\/nubes\/wp-json\/wp\/v2\/media?parent=1392"}],"curies":[{"name":"wp","href":"https:\/\/api.w.org\/{rel}","templated":true}]}}