{"id":1307,"date":"2014-07-15T21:37:47","date_gmt":"2014-07-15T21:37:47","guid":{"rendered":"https:\/\/blogs.up.edu.pe\/nubes\/\/?page_id=1307"},"modified":"2014-07-15T21:37:47","modified_gmt":"2014-07-15T21:37:47","slug":"victoria-vanesa-alcantara-calderon-la-autopista-del-sur","status":"publish","type":"page","link":"https:\/\/blogs.up.edu.pe\/nubes\/trabajos\/trabajos-finales-ciclo-2014-i\/victoria-vanesa-alcantara-calderon-la-autopista-del-sur\/","title":{"rendered":"Victoria Vanesa Alc\u00e1ntara Calder\u00f3n, \u201cLa autopista del sur\u201d"},"content":{"rendered":"<p style=\"text-align: justify;\">El\u00a0boom latinoamericano\u00a0fue un fen\u00f3meno editorial que surgi\u00f3 entre los a\u00f1os 1960 y 1970, cuando el\u00a0trabajo\u00a0de un grupo de novelistas latinoamericanos fue ampliamente distribuido en Europa y en\u00a0todo\u00a0el mundo, y asimismo logr\u00f3 desafiar las convenciones establecidas de la literatura latinoamericana. Esto se debi\u00f3 a las caracter\u00edsticas que se fueron desarrollando en este estilo, como tratan el tiempo de una manera no lineal, interviene en la narraci\u00f3n una voz narrativa, presencia de nuevo vocablo, relacionan temas rurales con urbanos, internacionalismo, abordan temas hist\u00f3ricos y pol\u00edticos, generan identidad nacional, abarcan temas de problemas sociales como econ\u00f3micos e ideol\u00f3gicos, transmiten historias que evidencian pol\u00e9mica y oportunidad y, por \u00faltimo, logran romper barreras entre lo fant\u00e1stico y lo mundano de tal manera, que se origina otra realidad.<\/p>\n<p style=\"text-align: justify;\">Uno de los principales escritores en este fen\u00f3meno literario fue el argentino Julio Cort\u00e1zar, caracterizado por ser uno de los autores que generaron mayor innovaci\u00f3n y originalidad, especialmente en relatos cortos, prosas po\u00e9ticas, as\u00ed como importantes novelas que rompieron los moldes cl\u00e1sicos, ya que sus narraciones escapan de la linealidad temporal. Se relaciona con el realismo m\u00e1gico y en algunos casos con el surrealismo porque sus obras tienen contenidos que se enfocan en lo real y en lo fant\u00e1stico.<\/p>\n<p style=\"text-align: justify;\">\u201cLa autopista del sur\u201d es uno de los cuentos m\u00e1s interesantes de este escritor. Este cuento presenta un narrador omnisciente, es decir un narrador ubicuo que sabe todo acerca de la acci\u00f3n, as\u00ed como los pensamientos, las motivaciones y los secretos m\u00e1s \u00edntimos de los personajes. El cuento se enfoca intensamente en relaciones humanas, las cuales son causadas por un embotellamiento o estancamiento por un largo tiempo, de tal manera que logra crear una peque\u00f1a sociedad donde cada miembro cumple una funci\u00f3n y manifiesta su personalidad, lo que genera controversias, acuerdos, problemas y soluciones.<\/p>\n<p style=\"text-align: justify;\">\u201cLa autopista del sur\u201d, desde mi punto de vista, es un cuento muy \u201crico\u201d; empezando por la redacci\u00f3n descriptiva y exacta, la cual facilita el entendimiento del lector, generando un lazo m\u00e1s fuerte porque te permite involucrarte en cada historia que se desarrolla. Adem\u00e1s, los hechos narrados son situaciones que existen normalmente en una sociedad como la nuestra, es decir, el embotellamiento logr\u00f3 que todas las personas creen una \u201ccomunidad\u201d, donde lo principal es la organizaci\u00f3n, all\u00ed todos ten\u00edan un rol importante para satisfacer todas las necesidades posibles. Incluso se genera corrupci\u00f3n y alteraciones al sistema tratado porque el abastecimiento se agotaba. Cabe resaltar que muestra la necesidad de una sociedad estructurada. La presencia de tantos sentimientos encontrados como frustraci\u00f3n, tristeza, asombro, miedo, coraje, optimismo, impaciencia, corrupci\u00f3n y amor, entre otros, fue muy enriquecedora para el cuento, y m\u00e1s a\u00fan con la historia de Dauphine y el ingeniero, que empez\u00f3 como una situaci\u00f3n desesperante porque no soportaban estar tanto tiempo estancados, a una situaci\u00f3n donde ambos lograron enamorarse. Lo que m\u00e1s sorprendi\u00f3 fue el final, donde simplemente cada uno toma su rumbo, un final no esperado, lo que lo vuelve m\u00e1s impactante. La historia desencadena necesidades de la convivencia en sociedad y las consecuencias de las mismas, en donde se pueden establecer lazos fuertes, ya sea por la adaptaci\u00f3n o por la costumbre de los personajes. Muestra una realidad \u201cexagerada\u201d, al estilo de Cort\u00e1zar, y se ubica en la frontera de lo fant\u00e1stico y lo real.<\/p>\n<p style=\"text-align: justify;\">El cuento tiene un logro muy interesante, a pesar de no ser una idea que se haya originado por Julio Cort\u00e1zar, sino que \u00e9l quiso contradecir a un ensayista italiano que consideraba al embotellamiento como un problema sin importancia y superficial. Cort\u00e1zar no estuvo de acuerdo con la manera fr\u00edvola en que se refiri\u00f3 a ello, ya que \u00e9l consideraba que estos atascamientos son los principales signos tristes en la sociedad que vivimos, representan una contradicci\u00f3n porque, a pesar de que el autom\u00f3vil es una maravilla tecnol\u00f3gica y que deber\u00eda facilitarnos la vida, por el contrario, nos complica m\u00e1s y trae peores consecuencias, llev\u00e1ndonos a un camino hacia la desgracia.<\/p>\n<p style=\"text-align: justify;\">Sin embargo, este cuento logr\u00f3 un impacto cultural muy importante ya que durante la d\u00e9cada de 1990, la marca de autom\u00f3viles Renault hizo tres publicidades inspiradas en \u00abLa autopista del sur\u201d, as\u00ed como tambi\u00e9n se realiz\u00f3 la pel\u00edcula italiana <em>El gran atasco<\/em>, una adaptaci\u00f3n cinematogr\u00e1fica de 1979. Esto significa que el cuento tuvo mucho \u00e9xito, contagi\u00e1ndonos a todos una historia que podr\u00eda darse, tal vez no en una situaci\u00f3n tan extrema, pero s\u00ed hasta desencadenar relaciones entre las personas presentes en el embotellamiento.<\/p>\n","protected":false},"excerpt":{"rendered":"<p>El\u00a0boom latinoamericano\u00a0fue un fen\u00f3meno editorial que surgi\u00f3 entre los a\u00f1os 1960 y 1970, cuando el\u00a0trabajo\u00a0de un grupo de novelistas latinoamericanos fue ampliamente distribuido en Europa y en\u00a0todo\u00a0el mundo, y asimismo logr\u00f3 desafiar las convenciones establecidas de la literatura latinoamericana. Esto &hellip; <a href=\"https:\/\/blogs.up.edu.pe\/nubes\/trabajos\/trabajos-finales-ciclo-2014-i\/victoria-vanesa-alcantara-calderon-la-autopista-del-sur\/\">Sigue leyendo <span class=\"meta-nav\">&rarr;<\/span><\/a><\/p>\n","protected":false},"author":3,"featured_media":0,"parent":1275,"menu_order":8,"comment_status":"closed","ping_status":"closed","template":"","meta":{"footnotes":""},"class_list":["post-1307","page","type-page","status-publish","hentry"],"_links":{"self":[{"href":"https:\/\/blogs.up.edu.pe\/nubes\/wp-json\/wp\/v2\/pages\/1307","targetHints":{"allow":["GET"]}}],"collection":[{"href":"https:\/\/blogs.up.edu.pe\/nubes\/wp-json\/wp\/v2\/pages"}],"about":[{"href":"https:\/\/blogs.up.edu.pe\/nubes\/wp-json\/wp\/v2\/types\/page"}],"author":[{"embeddable":true,"href":"https:\/\/blogs.up.edu.pe\/nubes\/wp-json\/wp\/v2\/users\/3"}],"replies":[{"embeddable":true,"href":"https:\/\/blogs.up.edu.pe\/nubes\/wp-json\/wp\/v2\/comments?post=1307"}],"version-history":[{"count":1,"href":"https:\/\/blogs.up.edu.pe\/nubes\/wp-json\/wp\/v2\/pages\/1307\/revisions"}],"predecessor-version":[{"id":1308,"href":"https:\/\/blogs.up.edu.pe\/nubes\/wp-json\/wp\/v2\/pages\/1307\/revisions\/1308"}],"up":[{"embeddable":true,"href":"https:\/\/blogs.up.edu.pe\/nubes\/wp-json\/wp\/v2\/pages\/1275"}],"wp:attachment":[{"href":"https:\/\/blogs.up.edu.pe\/nubes\/wp-json\/wp\/v2\/media?parent=1307"}],"curies":[{"name":"wp","href":"https:\/\/api.w.org\/{rel}","templated":true}]}}