{"id":1290,"date":"2014-07-15T17:54:22","date_gmt":"2014-07-15T17:54:22","guid":{"rendered":"https:\/\/blogs.up.edu.pe\/nubes\/\/?page_id=1290"},"modified":"2014-07-15T17:54:22","modified_gmt":"2014-07-15T17:54:22","slug":"javier-liu-ciencia-ficcion","status":"publish","type":"page","link":"https:\/\/blogs.up.edu.pe\/nubes\/trabajos\/trabajos-finales-ciclo-2014-i\/javier-liu-ciencia-ficcion\/","title":{"rendered":"Javier Liu, \u00abCiencia ficci\u00f3n\u00bb"},"content":{"rendered":"<p style=\"text-align: justify;\">Durante el semestre hemos abordado diferentes autores y g\u00e9neros que me han permitido explorar diferentes corrientes literarias. Hemos le\u00eddo desde el naturalismo hasta los cuentos contempor\u00e1neos peruanos, revisando una gran diversidad. En mi opini\u00f3n, los cuentos de ciencia ficci\u00f3n han sido los que m\u00e1s me han interesado entre los diferentes g\u00e9neros que hemos le\u00eddo, debido a la gran diversidad que esta misma puede incluir. Por ejemplo, dentro de los cuentos que hemos le\u00eddo se puede diferenciar el cuento \u201cPersistencia\u201d de Jos\u00e9 B. Adolph con respecto a \u201cEl expreso del futuro\u201d de Julio Verne; en el primero el autor nos ubica en 1492, desde la perspectiva de Crist\u00f3bal Col\u00f3n, mientras que el segundo nos deja perplejos con una idea cercana a nuestro presente.<\/p>\n<p style=\"text-align: justify;\">La gran variedad que existe en la ciencia ficci\u00f3n es una de las razones por la que este ha sido mi g\u00e9nero favorito. Dentro de un contexto futurista o fant\u00e1stico nos encontramos con temas que son vigentes en el d\u00eda a d\u00eda. Por ejemplo, en \u201cUn para\u00edso extra\u00f1o\u201d de Philip K. Dick se observa c\u00f3mo el ser humano puede estar atado a impulsos animales como la lujuria. Como lo se\u00f1ala la lectura, esta es una de las razones por la que los humanos a\u00fan se encuentran limitados para lograr su m\u00e1ximo potencial, como es la inmortalidad.<\/p>\n<p style=\"text-align: justify;\">Una segunda raz\u00f3n por la que me atrae la ciencia ficci\u00f3n es el tema de la tecnolog\u00eda y c\u00f3mo muchos autores utilizan este argumento para se\u00f1alar que nuestros avances tecnol\u00f3gicos pueden ser perjudiciales para nosotros. En \u201cSue\u00f1os de robot\u201d de Isaac Asimov nos encontramos con este argumento: un robot con inteligencia artificial que comienza a so\u00f1ar con una rebeli\u00f3n en contra de los humanos, ya que los robots se ve\u00edan obligados a obedecer. Otra manera de utilizar el tema de la tecnolog\u00eda se observa en el cuento \u201cUn expreso del futuro\u201d, donde Julio Verne nos muestra una idea que se asemeja mucho a la realidad actual. De esta manera, la ciencia ficci\u00f3n puede ser utilizada para darle vida a las m\u00e1s alocadas teor\u00edas o inventos que se le pueden ocurrir al autor, siendo limitado solo por su propia imaginaci\u00f3n.<\/p>\n<p style=\"text-align: justify;\">Una tercera raz\u00f3n se centra en el uso de vida alien\u00edgena para crear los cuentos. Esto se presenta en tres obras le\u00eddas: \u201cLos pose\u00eddos\u201d (Arthur C. Clarke), \u201cUn extra\u00f1o para\u00edso\u201d y \u201cEl primer peruano en el espacio\u201d (Daniel Salvo). Quiz\u00e1 sea mi fanatismo por la posibilidad de responder a una de las preguntas m\u00e1s antiguas de la existencia humana: \u00bfestamos solos en el universo? El hecho de que el universo sea infinito nos da muchas esperanzas, pero por ahora en los \u00fanicos lugares en los que podemos encontrarnos con un ser de otro mundo son los libros y en las pel\u00edculas.<\/p>\n<p style=\"text-align: justify;\">Finalmente, la m\u00e1s grande raz\u00f3n para disfrutar ciencia ficci\u00f3n se encuentra en las infinitas situaciones y contextos en los que se puede situar una historia. Por ejemplo, en \u201cPersistencia\u201d al saber que es un cuento de ciencia ficci\u00f3n, pareciera estar situado en un viaje intergal\u00e1ctico. Sin embargo, en la \u00faltima l\u00ednea nos lleva a un contexto poco imaginado en donde el narrador es finalmente Crist\u00f3bal Col\u00f3n. Quiz\u00e1 una situaci\u00f3n inesperada para lo que uno se imagina cuando piensa en ciencia ficci\u00f3n. Y luego tenemos la situaci\u00f3n contraria como en \u201cViaje S\u00e9ptimo\u201d de Stanislaw Lem, en donde se utiliza una teor\u00eda cient\u00edfica para dar sustento a los diferentes hechos que se est\u00e1n dando en el cuento.<\/p>\n<p style=\"text-align: justify;\">Es por estas razones que, para m\u00ed, los cuentos de ciencia ficci\u00f3n le\u00eddos durante el semestre han sido los m\u00e1s cautivantes e interesantes. Una vez m\u00e1s, la gran diversidad que puede existir dentro de este g\u00e9nero me impresion\u00f3 y ser\u00eda esto junto al hecho de que existan infinitas situaciones y contextos lo que me impacta con mayor fuerza.<\/p>\n","protected":false},"excerpt":{"rendered":"<p>Durante el semestre hemos abordado diferentes autores y g\u00e9neros que me han permitido explorar diferentes corrientes literarias. Hemos le\u00eddo desde el naturalismo hasta los cuentos contempor\u00e1neos peruanos, revisando una gran diversidad. En mi opini\u00f3n, los cuentos de ciencia ficci\u00f3n han &hellip; <a href=\"https:\/\/blogs.up.edu.pe\/nubes\/trabajos\/trabajos-finales-ciclo-2014-i\/javier-liu-ciencia-ficcion\/\">Sigue leyendo <span class=\"meta-nav\">&rarr;<\/span><\/a><\/p>\n","protected":false},"author":3,"featured_media":0,"parent":1275,"menu_order":4,"comment_status":"open","ping_status":"open","template":"","meta":{"footnotes":""},"class_list":["post-1290","page","type-page","status-publish","hentry"],"_links":{"self":[{"href":"https:\/\/blogs.up.edu.pe\/nubes\/wp-json\/wp\/v2\/pages\/1290","targetHints":{"allow":["GET"]}}],"collection":[{"href":"https:\/\/blogs.up.edu.pe\/nubes\/wp-json\/wp\/v2\/pages"}],"about":[{"href":"https:\/\/blogs.up.edu.pe\/nubes\/wp-json\/wp\/v2\/types\/page"}],"author":[{"embeddable":true,"href":"https:\/\/blogs.up.edu.pe\/nubes\/wp-json\/wp\/v2\/users\/3"}],"replies":[{"embeddable":true,"href":"https:\/\/blogs.up.edu.pe\/nubes\/wp-json\/wp\/v2\/comments?post=1290"}],"version-history":[{"count":1,"href":"https:\/\/blogs.up.edu.pe\/nubes\/wp-json\/wp\/v2\/pages\/1290\/revisions"}],"predecessor-version":[{"id":1291,"href":"https:\/\/blogs.up.edu.pe\/nubes\/wp-json\/wp\/v2\/pages\/1290\/revisions\/1291"}],"up":[{"embeddable":true,"href":"https:\/\/blogs.up.edu.pe\/nubes\/wp-json\/wp\/v2\/pages\/1275"}],"wp:attachment":[{"href":"https:\/\/blogs.up.edu.pe\/nubes\/wp-json\/wp\/v2\/media?parent=1290"}],"curies":[{"name":"wp","href":"https:\/\/api.w.org\/{rel}","templated":true}]}}