{"id":1175,"date":"2014-04-18T03:59:43","date_gmt":"2014-04-18T03:59:43","guid":{"rendered":"https:\/\/blogs.up.edu.pe\/nubes\/\/?page_id=1175"},"modified":"2014-04-18T04:01:27","modified_gmt":"2014-04-18T04:01:27","slug":"franz-kafka-una-confusion-cotidiana","status":"publish","type":"page","link":"https:\/\/blogs.up.edu.pe\/nubes\/textos-de-discusion\/franz-kafka-una-confusion-cotidiana\/","title":{"rendered":"Franz Kafka, \u00abUna confusi\u00f3n cotidiana\u00bb"},"content":{"rendered":"<p align=\"CENTER\"><span>Franz Kafka (1883-1924)<\/span><\/p>\n<p align=\"CENTER\"><span><b>Una confusi\u00f3n cotidiana<\/b><\/span><\/p>\n<p align=\"RIGHT\"><span style=\"font-size: small;\">Edici\u00f3n para el club virtual de lectura <i>En las nubes de la ficci\u00f3n<\/i>. Universidad del Pac\u00edfico, abril de 2014.<\/span><\/p>\n<p align=\"JUSTIFY\">Un incidente cotidiano, del que resulta una confusi\u00f3n cotidiana. A tiene que cerrar un negocio con B en H. Se traslada a H para una entrevista preliminar, pone diez minutos en ir y diez en volver, y se jacta en su casa de esa velocidad. Al otro d\u00eda vuelve a H, esta vez para cerrar el negocio. Como probablemente eso le exigir\u00e1 muchas horas, A sale muy temprano. Aunque las circunstancias (al menos en opini\u00f3n de A) son precisamente las de la v\u00edspera, tarda diez horas esta vez en llegar a H. Llega al atardecer, rendido. Le comunican que B, inquieto por su demora, ha partido hace poco para el pueblo de A y que deben haberse cruzado en el camino. Le aconsejan que espere. A, sin embargo, impaciente por el negocio, se va inmediatamente y vuelve a su casa.<\/p>\n<p align=\"JUSTIFY\">Esta vez, sin poner mayor atenci\u00f3n, hace el viaje en un momento. En su casa le dicen que B lleg\u00f3 muy temprano, inmediatamente despu\u00e9s de la salida de A, y que hasta se cruz\u00f3 con A en el umbral y quiso recordarle el negocio, pero que A le respondi\u00f3 que no ten\u00eda tiempo y que deb\u00eda salir en seguida.<\/p>\n<p align=\"JUSTIFY\">A pesar de esa incomprensible conducta, B entr\u00f3 en la casa a esperar su vuelta. Y ya hab\u00eda preguntado muchas veces si no hab\u00eda regresado a\u00fan, pero segu\u00eda esper\u00e1ndolo siempre en el cuarto de A. Feliz de hablar con B y de explicarle todo lo sucedido, A corre escaleras arriba. Casi al llegar tropieza, se tuerce un tend\u00f3n y a punto de perder el sentido, incapaz de gritar, gimiendo en la oscuridad, oye a B <span style=\"font-family: 'Times New Roman', serif;\">\u2014<\/span>tal vez muy lejos ya, tal vez a su lado<span style=\"font-family: 'Times New Roman', serif;\">\u2014<\/span> que baja la escalera furioso y que se pierde para siempre.<\/p>\n<p><a href=\"https:\/\/blogs.up.edu.pe\/nubes\/\/wp-content\/uploads\/2014\/04\/Kafka-Una-confusion-cotidiana.pdf\"><\/p>\n<p align=\"JUSTIFY\">[Versi\u00f3n en PDF]<\/p>\n<p><\/a><\/p>\n","protected":false},"excerpt":{"rendered":"<p>Franz Kafka (1883-1924) Una confusi\u00f3n cotidiana Edici\u00f3n para el club virtual de lectura En las nubes de la ficci\u00f3n. Universidad del Pac\u00edfico, abril de 2014. Un incidente cotidiano, del que resulta una confusi\u00f3n cotidiana. A tiene que cerrar un negocio &hellip; <a href=\"https:\/\/blogs.up.edu.pe\/nubes\/textos-de-discusion\/franz-kafka-una-confusion-cotidiana\/\">Sigue leyendo <span class=\"meta-nav\">&rarr;<\/span><\/a><\/p>\n","protected":false},"author":3,"featured_media":0,"parent":9,"menu_order":13,"comment_status":"closed","ping_status":"closed","template":"","meta":{"footnotes":""},"class_list":["post-1175","page","type-page","status-publish","hentry"],"_links":{"self":[{"href":"https:\/\/blogs.up.edu.pe\/nubes\/wp-json\/wp\/v2\/pages\/1175","targetHints":{"allow":["GET"]}}],"collection":[{"href":"https:\/\/blogs.up.edu.pe\/nubes\/wp-json\/wp\/v2\/pages"}],"about":[{"href":"https:\/\/blogs.up.edu.pe\/nubes\/wp-json\/wp\/v2\/types\/page"}],"author":[{"embeddable":true,"href":"https:\/\/blogs.up.edu.pe\/nubes\/wp-json\/wp\/v2\/users\/3"}],"replies":[{"embeddable":true,"href":"https:\/\/blogs.up.edu.pe\/nubes\/wp-json\/wp\/v2\/comments?post=1175"}],"version-history":[{"count":2,"href":"https:\/\/blogs.up.edu.pe\/nubes\/wp-json\/wp\/v2\/pages\/1175\/revisions"}],"predecessor-version":[{"id":1177,"href":"https:\/\/blogs.up.edu.pe\/nubes\/wp-json\/wp\/v2\/pages\/1175\/revisions\/1177"}],"up":[{"embeddable":true,"href":"https:\/\/blogs.up.edu.pe\/nubes\/wp-json\/wp\/v2\/pages\/9"}],"wp:attachment":[{"href":"https:\/\/blogs.up.edu.pe\/nubes\/wp-json\/wp\/v2\/media?parent=1175"}],"curies":[{"name":"wp","href":"https:\/\/api.w.org\/{rel}","templated":true}]}}